{"id":8,"date":"2013-02-04T11:35:36","date_gmt":"2013-02-04T11:35:36","guid":{"rendered":"https:\/\/ocw.unileon.es\/asignatura\/?page_id=8"},"modified":"2013-03-21T10:32:34","modified_gmt":"2013-03-21T10:32:34","slug":"bibliografia","status":"publish","type":"page","link":"https:\/\/ocw.unileon.es\/alimentacion-y-cultura\/bibliografia\/","title":{"rendered":"Bibliograf\u00eda"},"content":{"rendered":"BIBLIOGRAFIA RECOMENDADA\r\n\r\nBAUDRILLARD, Jean(1974)<em> La sociedad de<\/em> consumo<strong>.<\/strong>Barcelona.Plaza y Jan\u00e9s.\r\n\r\nBUXO, M\u00aa Jes\u00fas(Ed.)(1978)<em> Cultura y ecolog\u00eda de las sociedades primitivas<\/em>. Barcelona. Ed.Mitr\u00e9.\r\n\r\nCASTA\u00d1ER ,Ana y FUERTES ,Teresa(1991)<em>\u00a0El libro del jam\u00f3n y la matanza.<\/em>Madrid.Alianza Editorial.","protected":false},"excerpt":{"rendered":"<p>BIBLIOGRAFIA RECOMENDADA BAUDRILLARD, Jean(1974) La sociedad de consumo.Barcelona.Plaza y Jan\u00e9s. BUXO, M\u00aa Jes\u00fas(Ed.)(1978) Cultura y ecolog\u00eda de las sociedades primitivas. Barcelona. Ed.Mitr\u00e9. CASTA\u00d1ER ,Ana y FUERTES ,Teresa(1991)\u00a0El libro del jam\u00f3n y la matanza.Madrid.Alianza Editorial.<\/p>\n","protected":false},"author":33,"featured_media":0,"parent":0,"menu_order":0,"comment_status":"closed","ping_status":"closed","template":"","meta":{"footnotes":""},"class_list":["post-8","page","type-page","status-publish","hentry"],"_links":{"self":[{"href":"https:\/\/ocw.unileon.es\/alimentacion-y-cultura\/wp-json\/wp\/v2\/pages\/8","targetHints":{"allow":["GET"]}}],"collection":[{"href":"https:\/\/ocw.unileon.es\/alimentacion-y-cultura\/wp-json\/wp\/v2\/pages"}],"about":[{"href":"https:\/\/ocw.unileon.es\/alimentacion-y-cultura\/wp-json\/wp\/v2\/types\/page"}],"author":[{"embeddable":true,"href":"https:\/\/ocw.unileon.es\/alimentacion-y-cultura\/wp-json\/wp\/v2\/users\/33"}],"replies":[{"embeddable":true,"href":"https:\/\/ocw.unileon.es\/alimentacion-y-cultura\/wp-json\/wp\/v2\/comments?post=8"}],"version-history":[{"count":3,"href":"https:\/\/ocw.unileon.es\/alimentacion-y-cultura\/wp-json\/wp\/v2\/pages\/8\/revisions"}],"predecessor-version":[{"id":29,"href":"https:\/\/ocw.unileon.es\/alimentacion-y-cultura\/wp-json\/wp\/v2\/pages\/8\/revisions\/29"}],"wp:attachment":[{"href":"https:\/\/ocw.unileon.es\/alimentacion-y-cultura\/wp-json\/wp\/v2\/media?parent=8"}],"curies":[{"name":"wp","href":"https:\/\/api.w.org\/{rel}","templated":true}]}}

Bibliografía

BIBLIOGRAFIA RECOMENDADA

BAUDRILLARD, Jean(1974)<em> La sociedad de</em> consumo<strong>.</strong>Barcelona.Plaza y Janés.

BUXO, Mª Jesús(Ed.)(1978)<em> Cultura y ecología de las sociedades primitivas</em>. Barcelona. Ed.Mitré.

CASTAÑER ,Ana y FUERTES ,Teresa(1991)<em> El libro del jamón y la matanza.</em>Madrid.Alianza Editorial.

<p>BIBLIOGRAFIA RECOMENDADA BAUDRILLARD, Jean(1974) La sociedad de consumo.Barcelona.Plaza y Janés. BUXO, Mª Jesús(Ed.)(1978) Cultura y ecología de las sociedades primitivas. Barcelona. Ed.Mitré. CASTAÑER ,Ana y FUERTES ,Teresa(1991) El libro del jamón y la matanza.Madrid.Alianza Editorial.</p>
