{"id":9,"date":"2013-02-04T11:35:46","date_gmt":"2013-02-04T11:35:46","guid":{"rendered":"https:\/\/ocw.unileon.es\/asignatura\/?page_id=9"},"modified":"2016-03-06T17:48:49","modified_gmt":"2016-03-06T17:48:49","slug":"material-de-clase","status":"publish","type":"page","link":"https:\/\/ocw.unileon.es\/direccion-financiera-i\/material-de-clase\/","title":{"rendered":"Material de clase"},"content":{"rendered":"<a href=\"https:\/\/ocw.unileon.es\/direccion-financiera-i\/wp-content\/uploads\/sites\/46\/2016\/03\/1_1-Costes-Transacci\u00f3n-y-Teor\u00eda-Agencia.pdf\" rel=\"\">1_1 Costes Transacci\u00f3n y Teor\u00eda Agencia<\/a>\r\n\r\n<a href=\"https:\/\/ocw.unileon.es\/direccion-financiera-i\/wp-content\/uploads\/sites\/46\/2016\/03\/1_2-Direcci\u00f3n-Epsas-OCW.pdf\" rel=\"\">1_2 Direcci\u00f3n Financiera<\/a>\r\n\r\n<a href=\"https:\/\/ocw.unileon.es\/direccion-financiera-i\/wp-content\/uploads\/sites\/46\/2013\/02\/1_3-Director-Financiero_Proyecto-1.pdf\" rel=\"\">1_3 Director Financiero_Proyecto<\/a>\r\n\r\n<a href=\"https:\/\/ocw.unileon.es\/direccion-financiera-i\/wp-content\/uploads\/sites\/46\/2013\/02\/2_1-An\u00e1lisis-Proyectos-Puros-Procedure-Moodle.pdf\" rel=\"\">2_1 An\u00e1lisis Proyectos Puros Procedimiento<\/a>\r\n\r\n<a href=\"https:\/\/ocw.unileon.es\/direccion-financiera-i\/wp-content\/uploads\/sites\/46\/2013\/02\/2_2-An\u00e1lisis-Proyectos-Puros-\u00danica-Moodle.pdf\" rel=\"\">2_2 An\u00e1lisis Proyectos Puros Intersecci\u00f3n \u00danica<\/a>\r\n\r\n<a href=\"https:\/\/ocw.unileon.es\/direccion-financiera-i\/wp-content\/uploads\/sites\/46\/2013\/02\/2_3-An\u00e1lisis-de-Proyectos-Puros-No-hay-Moodle.pdf\" rel=\"\">2_3 An\u00e1lisis de Proyectos Puros No hay Intersecci\u00f3n<\/a>\r\n\r\n<a href=\"https:\/\/ocw.unileon.es\/direccion-financiera-i\/wp-content\/uploads\/sites\/46\/2013\/02\/2_4-An\u00e1lisis-de-Proyectos-Puros-M\u00faltiple-Moodle.pdf\" rel=\"\">2_4 An\u00e1lisis de Proyectos Puros Intersecci\u00f3n M\u00faltiple<\/a>\r\n\r\n<a href=\"https:\/\/ocw.unileon.es\/direccion-financiera-i\/wp-content\/uploads\/sites\/46\/2014\/03\/Fases-Proyecto-empresarial-completo.pdf\">Fases Proyecto empresarial<\/a>\r\n\r\n<a href=\"https:\/\/ocw.unileon.es\/direccion-financiera-i\/wp-content\/uploads\/sites\/46\/2014\/03\/INNOVACI\u00d3N.pdf\">INNOVACI\u00d3N<\/a>\r\n\r\n<a href=\"https:\/\/ocw.unileon.es\/direccion-financiera-i\/wp-content\/uploads\/sites\/46\/2014\/03\/FASES-DE-LA-INVERSI\u00d3N-CREDITICIA.pdf\">FASES DE LA INVERSI\u00d3N CREDITICIA<\/a>\r\n\r\n<a href=\"https:\/\/ocw.unileon.es\/direccion-financiera-i\/wp-content\/uploads\/sites\/46\/2014\/03\/Econom\u00eda-Circular.pdf\">Econom\u00eda Circular<\/a>\r\n\r\n<a href=\"https:\/\/ocw.unileon.es\/direccion-financiera-i\/wp-content\/uploads\/sites\/46\/2014\/03\/Direcci\u00f3n-de-Empresas.pdf\">Direcci\u00f3n de Empresas<\/a>\r\n\r\n<a href=\"https:\/\/ocw.unileon.es\/direccion-financiera-i\/wp-content\/uploads\/sites\/46\/2014\/03\/DF-1-1_Costes-Transacci\u00f3n-a-PDF.pdf\">Costes Transacci\u00f3n<\/a>\r\n\r\n<a href=\"https:\/\/ocw.unileon.es\/direccion-financiera-i\/wp-content\/uploads\/sites\/46\/2014\/03\/CRISIS_FANJUL.pdf\">CRISIS<\/a>\r\n\r\n<a href=\"https:\/\/ocw.unileon.es\/direccion-financiera-i\/wp-content\/uploads\/sites\/46\/2014\/03\/CICLO-ECON\u00d3MICO.pdf\">CICLO ECON\u00d3MICO<\/a>\r\n\r\n<a href=\"https:\/\/ocw.unileon.es\/direccion-financiera-i\/wp-content\/uploads\/sites\/46\/2014\/03\/CICLO-DE-VIDA-DEL-PRODUCTO.pdf\">CICLO DE VIDA DEL PRODUCTO<\/a>\r\n\r\n<a href=\"https:\/\/ocw.unileon.es\/direccion-financiera-i\/wp-content\/uploads\/sites\/46\/2014\/03\/CRECIMIENTO-ECON\u00d3MICO.pdf\">CRECIMIENTO ECON\u00d3MICO<\/a>","protected":false},"excerpt":{"rendered":"<p>1_1 Costes Transacci\u00f3n y Teor\u00eda Agencia 1_2 Direcci\u00f3n Financiera 1_3 Director Financiero_Proyecto 2_1 An\u00e1lisis Proyectos Puros Procedimiento 2_2 An\u00e1lisis Proyectos Puros Intersecci\u00f3n \u00danica 2_3 An\u00e1lisis de Proyectos Puros No hay Intersecci\u00f3n 2_4 An\u00e1lisis de Proyectos Puros Intersecci\u00f3n M\u00faltiple Fases Proyecto empresarial INNOVACI\u00d3N FASES DE LA INVERSI\u00d3N CREDITICIA Econom\u00eda Circular Direcci\u00f3n de Empresas Costes Transacci\u00f3n CRISIS [&hellip;]<\/p>\n","protected":false},"author":22,"featured_media":0,"parent":0,"menu_order":0,"comment_status":"closed","ping_status":"closed","template":"","meta":{"footnotes":""},"class_list":["post-9","page","type-page","status-publish","hentry"],"_links":{"self":[{"href":"https:\/\/ocw.unileon.es\/direccion-financiera-i\/wp-json\/wp\/v2\/pages\/9","targetHints":{"allow":["GET"]}}],"collection":[{"href":"https:\/\/ocw.unileon.es\/direccion-financiera-i\/wp-json\/wp\/v2\/pages"}],"about":[{"href":"https:\/\/ocw.unileon.es\/direccion-financiera-i\/wp-json\/wp\/v2\/types\/page"}],"author":[{"embeddable":true,"href":"https:\/\/ocw.unileon.es\/direccion-financiera-i\/wp-json\/wp\/v2\/users\/22"}],"replies":[{"embeddable":true,"href":"https:\/\/ocw.unileon.es\/direccion-financiera-i\/wp-json\/wp\/v2\/comments?post=9"}],"version-history":[{"count":4,"href":"https:\/\/ocw.unileon.es\/direccion-financiera-i\/wp-json\/wp\/v2\/pages\/9\/revisions"}],"predecessor-version":[{"id":88,"href":"https:\/\/ocw.unileon.es\/direccion-financiera-i\/wp-json\/wp\/v2\/pages\/9\/revisions\/88"}],"wp:attachment":[{"href":"https:\/\/ocw.unileon.es\/direccion-financiera-i\/wp-json\/wp\/v2\/media?parent=9"}],"curies":[{"name":"wp","href":"https:\/\/api.w.org\/{rel}","templated":true}]}}