{"id":11,"date":"2013-02-04T11:36:12","date_gmt":"2013-02-04T11:36:12","guid":{"rendered":"https:\/\/ocw.unileon.es\/asignatura\/?page_id=11"},"modified":"2015-10-20T09:07:44","modified_gmt":"2015-10-20T09:07:44","slug":"practicas","status":"publish","type":"page","link":"https:\/\/ocw.unileon.es\/educacion-intercultural-y-diversidad\/practicas\/","title":{"rendered":"Pr\u00e1cticas"},"content":{"rendered":"<h2>Pr\u00e1ctica:\u00a0Modelos intervenci\u00f3n y etnocentrismo<\/h2>\r\n<h3><a name=\"_Toc431545408\"><\/a>Objetivo<\/h3>\r\nEl objetivo de la pr\u00e1ctica personal\u00a0es reflexionar sobre tu propia pr\u00e1ctica docente y el modelo de intervenci\u00f3n que sueles aplicar en el aula. Env\u00eda el resultado al mail del profesor (<a href=\"mailto:enrique.diez@unileon.es\" target=\"_blank\">enrique.diez@unileon.es<\/a>)\r\n<h3><a name=\"_Toc431545409\"><\/a>Descripci\u00f3n<\/h3>\r\nHaz una s\u00edntesis del desarrollo del sistema educativo y de las concepciones del mismo respecto a la diversidad cultural.\r\n\r\nAdopta un punto de vista personal y explica el dilema a que se enfrenta el sistema educativo en la actualidad en un mundo en el que el reconocimiento de la diversidad corre paralelo a una creciente homogeneizaci\u00f3n cultural.\r\n\r\n1.- De los tres modelos aludidos (Compensatorio, Multicultural e Intercultural) \u00bfcu\u00e1l se ajusta a lo que ocurre en tu centro educativo?\r\n\r\n2.- \u00bfCon qu\u00e9 modelo te identificas m\u00e1s?\r\n\r\n3.- \u00bfCu\u00e1ndo planificas la lecci\u00f3n tomas en consideraci\u00f3n alguna de estas perspectivas?\r\n\r\n4.- Dado el contexto en que ejerces de profesor\/a \u00bfqu\u00e9 aspectos de las propuestas interculturales te parecen m\u00e1s urgentes? Haz un listado de asuntos urgentes adaptado a tu aula o materia.\r\n\r\n5.- Haz una tabla de doble entrada (grupos \u00e9tnicos y visi\u00f3n del blanco). Escribe sentencias racistas de uso com\u00fan entre la poblaci\u00f3n blanca respecto a cada uno de esos grupos.\r\n\r\n6.- \u00bfCombates en tu acci\u00f3n educativa este tipo de distorsiones de la percepci\u00f3n social? \u00bfCrees que est\u00e1n relacionadas con el poder de unos grupos sobre otros?\r\n\r\n7.- Si escuchas a un alumno o alumna utilizar un estereotipo a modo de insulto contra un compa\u00f1ero o compa\u00f1era \u00bfqu\u00e9 haces?","protected":false},"excerpt":{"rendered":"<p>Pr\u00e1ctica:\u00a0Modelos intervenci\u00f3n y etnocentrismo Objetivo El objetivo de la pr\u00e1ctica personal\u00a0es reflexionar sobre tu propia pr\u00e1ctica docente y el modelo de intervenci\u00f3n que sueles aplicar en el aula. Env\u00eda el resultado al mail del profesor (enrique.diez@unileon.es) Descripci\u00f3n Haz una s\u00edntesis del desarrollo del sistema educativo y de las concepciones del mismo respecto a la diversidad [&hellip;]<\/p>\n","protected":false},"author":29,"featured_media":0,"parent":0,"menu_order":0,"comment_status":"closed","ping_status":"closed","template":"","meta":{"footnotes":""},"class_list":["post-11","page","type-page","status-publish","hentry"],"_links":{"self":[{"href":"https:\/\/ocw.unileon.es\/educacion-intercultural-y-diversidad\/wp-json\/wp\/v2\/pages\/11","targetHints":{"allow":["GET"]}}],"collection":[{"href":"https:\/\/ocw.unileon.es\/educacion-intercultural-y-diversidad\/wp-json\/wp\/v2\/pages"}],"about":[{"href":"https:\/\/ocw.unileon.es\/educacion-intercultural-y-diversidad\/wp-json\/wp\/v2\/types\/page"}],"author":[{"embeddable":true,"href":"https:\/\/ocw.unileon.es\/educacion-intercultural-y-diversidad\/wp-json\/wp\/v2\/users\/29"}],"replies":[{"embeddable":true,"href":"https:\/\/ocw.unileon.es\/educacion-intercultural-y-diversidad\/wp-json\/wp\/v2\/comments?post=11"}],"version-history":[{"count":2,"href":"https:\/\/ocw.unileon.es\/educacion-intercultural-y-diversidad\/wp-json\/wp\/v2\/pages\/11\/revisions"}],"predecessor-version":[{"id":44,"href":"https:\/\/ocw.unileon.es\/educacion-intercultural-y-diversidad\/wp-json\/wp\/v2\/pages\/11\/revisions\/44"}],"wp:attachment":[{"href":"https:\/\/ocw.unileon.es\/educacion-intercultural-y-diversidad\/wp-json\/wp\/v2\/media?parent=11"}],"curies":[{"name":"wp","href":"https:\/\/api.w.org\/{rel}","templated":true}]}}

Prácticas

<h2>Práctica: Modelos intervención y etnocentrismo</h2>
<h3><a name="_Toc431545408"></a>Objetivo</h3>
El objetivo de la práctica personal es reflexionar sobre tu propia práctica docente y el modelo de intervención que sueles aplicar en el aula. Envía el resultado al mail del profesor (<a href="mailto:enrique.diez@unileon.es" target="_blank">enrique.diez@unileon.es</a>)
<h3><a name="_Toc431545409"></a>Descripción</h3>
Haz una síntesis del desarrollo del sistema educativo y de las concepciones del mismo respecto a la diversidad cultural.

Adopta un punto de vista personal y explica el dilema a que se enfrenta el sistema educativo en la actualidad en un mundo en el que el reconocimiento de la diversidad corre paralelo a una creciente homogeneización cultural.

1.- De los tres modelos aludidos (Compensatorio, Multicultural e Intercultural) ¿cuál se ajusta a lo que ocurre en tu centro educativo?

2.- ¿Con qué modelo te identificas más?

3.- ¿Cuándo planificas la lección tomas en consideración alguna de estas perspectivas?

4.- Dado el contexto en que ejerces de profesor/a ¿qué aspectos de las propuestas interculturales te parecen más urgentes? Haz un listado de asuntos urgentes adaptado a tu aula o materia.

5.- Haz una tabla de doble entrada (grupos étnicos y visión del blanco). Escribe sentencias racistas de uso común entre la población blanca respecto a cada uno de esos grupos.

6.- ¿Combates en tu acción educativa este tipo de distorsiones de la percepción social? ¿Crees que están relacionadas con el poder de unos grupos sobre otros?

7.- Si escuchas a un alumno o alumna utilizar un estereotipo a modo de insulto contra un compañero o compañera ¿qué haces?

<p>Práctica: Modelos intervención y etnocentrismo Objetivo El objetivo de la práctica personal es reflexionar sobre tu propia práctica docente y el modelo de intervención que sueles aplicar en el aula. Envía el resultado al mail del profesor (enrique.diez@unileon.es) Descripción Haz una síntesis del desarrollo del sistema educativo y de las concepciones del mismo respecto a la diversidad [&hellip;]</p>
