{"id":12,"date":"2013-02-04T11:36:19","date_gmt":"2013-02-04T11:36:19","guid":{"rendered":"https:\/\/ocw.unileon.es\/asignatura\/?page_id=12"},"modified":"2015-10-20T09:15:01","modified_gmt":"2015-10-20T09:15:01","slug":"pruebas-de-evaluacion","status":"publish","type":"page","link":"https:\/\/ocw.unileon.es\/educacion-intercultural-y-diversidad\/pruebas-de-evaluacion\/","title":{"rendered":"Pruebas de evaluaci\u00f3n"},"content":{"rendered":"1.- <strong>Responde VERDADERO o FALSO en las siguientes sentencias<\/strong>:\r\n\r\na) La globalizaci\u00f3n no afecta a la diversidad cultural: \u00a0 \u00a0 \u00a0 \u00a0 \u00a0 \u00a0 \u00a0 \u00a0 \u00a0 \u00a0 \u00a0 \u00a0 \u00a0 \u00a0 \u00a0 \u00a0 \u00a0 \u00a0V\u00a0\u00a0\u00a0\u00a0\u00a0\u00a0\u00a0\u00a0\u00a0\u00a0 F\r\n\r\nb) El derecho a una buena vida acepta la diversidad cultural y\r\n\r\nreconoce las lenguas y culturas minoritarias:\u00a0\u00a0\u00a0\u00a0\u00a0\u00a0\u00a0 \u00a0\u00a0\u00a0\u00a0\u00a0\u00a0\u00a0\u00a0\u00a0\u00a0\u00a0\u00a0\u00a0\u00a0\u00a0\u00a0\u00a0\u00a0\u00a0\u00a0\u00a0\u00a0\u00a0\u00a0\u00a0\u00a0\u00a0 \u00a0\u00a0\u00a0\u00a0\u00a0\u00a0\u00a0\u00a0\u00a0\u00a0\u00a0\u00a0\u00a0 V\u00a0\u00a0\u00a0\u00a0\u00a0\u00a0\u00a0\u00a0\u00a0\u00a0 F\r\n\r\nc) No nacemos racistas. Nos hacemos. \u00a0 \u00a0 \u00a0 \u00a0 \u00a0 \u00a0 \u00a0 \u00a0 \u00a0 \u00a0 \u00a0 \u00a0 \u00a0 \u00a0 \u00a0 \u00a0 \u00a0 \u00a0 \u00a0 \u00a0 \u00a0 \u00a0 \u00a0 \u00a0 \u00a0 \u00a0 \u00a0 \u00a0 \u00a0 \u00a0V\u00a0\u00a0\u00a0\u00a0\u00a0\u00a0\u00a0\u00a0\u00a0\u00a0 F\r\n\r\nd) El antirracismo se plantea como tarea b\u00e1sica la lucha por la igualdad \u00a0 \u00a0 \u00a0 \u00a0 \u00a0V\u00a0\u00a0\u00a0\u00a0\u00a0\u00a0\u00a0\u00a0\u00a0\u00a0 F\r\n\r\n&nbsp;\r\n\r\n<hr \/>\r\n\r\n2.- <strong>La siguiente consideraci\u00f3n sobre el racismo te parece ADECUADA O DESACERTADA<\/strong> (argumenta tu respuesta):\r\n\r\n<em>\u00abEl racismo no es una tendencia \u00abnatural\u00bb de ning\u00fan grupo humano, sino un invento social para detentar poder y para mantener una situaci\u00f3n de privilegio sobre otros cuyo origen, apariencia o cultura son distintos\u00bb (Van Dijk, 2003).<\/em>\r\n\r\n<hr \/>\r\n\r\n3.- <strong>Completa la siguiente frase<\/strong>:\r\n\r\n\u00abDenominamos prejuicios a las ideas aceptadas sin que medie un __________________ propio o una _______________ propia real y sistem\u00e1tica que fundamente esa idea. Los prejuicios son _________________ y muy dif\u00edciles de cuestionar porque se han asumido como __________________, muy ligadas a componentes m\u00e1s __________________ que ____________________. Hasta el punto de que cuando una experiencia personal contradice esa idea, en vez de modificar el __________________, tendemos a tratar esa experiencia como una __________________ a la regla que lo confirma\u00bb.\r\n\r\n<hr \/>\r\n\r\n4.- <strong>Completa el siguiente cuadro<\/strong>:\r\n<table>\r\n<tbody>\r\n<tr>\r\n<td width=\"283\">Dimensiones<\/td>\r\n<td width=\"283\">Operaciones\u00a0 cognitivas<\/td>\r\n<td width=\"283\">Repercusiones pr\u00e1cticas<\/td>\r\n<\/tr>\r\n<tr>\r\n<td width=\"283\">Racismo\u00a0\u00a0\u00a0\u00a0\u00a0\u00a0 ideolog\u00eda<\/td>\r\n<td width=\"283\">Justificar<\/td>\r\n<td width=\"283\">&nbsp;\r\n\r\n&nbsp;\r\n\r\n&nbsp;\r\n\r\n&nbsp;<\/td>\r\n<\/tr>\r\n<tr>\r\n<td width=\"283\">Racismo\u00a0\u00a0\u00a0\u00a0\u00a0\u00a0 actitud<\/td>\r\n<td width=\"283\"><\/td>\r\n<td width=\"283\">Actitudes, sentimientos, opiniones que orientan la acci\u00f3n hostil.<\/td>\r\n<\/tr>\r\n<tr>\r\n<td width=\"283\">Racismo\u00a0\u00a0\u00a0\u00a0\u00a0\u00a0 conducta<\/td>\r\n<td width=\"283\"><\/td>\r\n<td width=\"283\">&nbsp;\r\n\r\n&nbsp;\r\n\r\n&nbsp;\r\n\r\n&nbsp;<\/td>\r\n<\/tr>\r\n<\/tbody>\r\n<\/table>\r\n\r\n<hr \/>\r\n\r\n5.- <strong>Siguiendo el modelo del Mapa Conceptual del <a href=\"https:\/\/ocw.unileon.es\/educacion-intercultural-y-diversidad\/material-de-clase\/\">art\u00edculo base<\/a>, realiza un Mapa Conceptual de la Educaci\u00f3n Antirracista<\/strong>:\r\n<ul>\r\n\t<li>Centra la atenci\u00f3n en:<\/li>\r\n\t<li>Propone incluir en el curr\u00edculum:<\/li>\r\n\t<li>Intenta:<\/li>\r\n\t<li>Defiende:<\/li>\r\n<\/ul>\r\nManda tus respuestas al profesor (<a href=\"mailto:enrique.diez@unileon.es\" target=\"_blank\">enrique.diez@unileon.es<\/a>)","protected":false},"excerpt":{"rendered":"<p>1.- Responde VERDADERO o FALSO en las siguientes sentencias: a) La globalizaci\u00f3n no afecta a la diversidad cultural: \u00a0 \u00a0 \u00a0 \u00a0 \u00a0 \u00a0 \u00a0 \u00a0 \u00a0 \u00a0 \u00a0 \u00a0 \u00a0 \u00a0 \u00a0 \u00a0 \u00a0 \u00a0V\u00a0\u00a0\u00a0\u00a0\u00a0\u00a0\u00a0\u00a0\u00a0\u00a0 F b) El derecho a una buena vida acepta la diversidad cultural y reconoce las lenguas y culturas minoritarias:\u00a0\u00a0\u00a0\u00a0\u00a0\u00a0\u00a0 [&hellip;]<\/p>\n","protected":false},"author":29,"featured_media":0,"parent":0,"menu_order":0,"comment_status":"closed","ping_status":"open","template":"","meta":{"footnotes":""},"class_list":["post-12","page","type-page","status-publish","hentry"],"_links":{"self":[{"href":"https:\/\/ocw.unileon.es\/educacion-intercultural-y-diversidad\/wp-json\/wp\/v2\/pages\/12","targetHints":{"allow":["GET"]}}],"collection":[{"href":"https:\/\/ocw.unileon.es\/educacion-intercultural-y-diversidad\/wp-json\/wp\/v2\/pages"}],"about":[{"href":"https:\/\/ocw.unileon.es\/educacion-intercultural-y-diversidad\/wp-json\/wp\/v2\/types\/page"}],"author":[{"embeddable":true,"href":"https:\/\/ocw.unileon.es\/educacion-intercultural-y-diversidad\/wp-json\/wp\/v2\/users\/29"}],"replies":[{"embeddable":true,"href":"https:\/\/ocw.unileon.es\/educacion-intercultural-y-diversidad\/wp-json\/wp\/v2\/comments?post=12"}],"version-history":[{"count":5,"href":"https:\/\/ocw.unileon.es\/educacion-intercultural-y-diversidad\/wp-json\/wp\/v2\/pages\/12\/revisions"}],"predecessor-version":[{"id":49,"href":"https:\/\/ocw.unileon.es\/educacion-intercultural-y-diversidad\/wp-json\/wp\/v2\/pages\/12\/revisions\/49"}],"wp:attachment":[{"href":"https:\/\/ocw.unileon.es\/educacion-intercultural-y-diversidad\/wp-json\/wp\/v2\/media?parent=12"}],"curies":[{"name":"wp","href":"https:\/\/api.w.org\/{rel}","templated":true}]}}

Pruebas de evaluación

1.- <strong>Responde VERDADERO o FALSO en las siguientes sentencias</strong>:

a) La globalización no afecta a la diversidad cultural:                                    V           F

b) El derecho a una buena vida acepta la diversidad cultural y

reconoce las lenguas y culturas minoritarias:                                                  V           F

c) No nacemos racistas. Nos hacemos.                                                            V           F

d) El antirracismo se plantea como tarea básica la lucha por la igualdad          V           F

&nbsp;

<hr />

2.- <strong>La siguiente consideración sobre el racismo te parece ADECUADA O DESACERTADA</strong> (argumenta tu respuesta):

<em>«El racismo no es una tendencia «natural» de ningún grupo humano, sino un invento social para detentar poder y para mantener una situación de privilegio sobre otros cuyo origen, apariencia o cultura son distintos» (Van Dijk, 2003).</em>

<hr />

3.- <strong>Completa la siguiente frase</strong>:

«Denominamos prejuicios a las ideas aceptadas sin que medie un __________________ propio o una _______________ propia real y sistemática que fundamente esa idea. Los prejuicios son _________________ y muy difíciles de cuestionar porque se han asumido como __________________, muy ligadas a componentes más __________________ que ____________________. Hasta el punto de que cuando una experiencia personal contradice esa idea, en vez de modificar el __________________, tendemos a tratar esa experiencia como una __________________ a la regla que lo confirma».

<hr />

4.- <strong>Completa el siguiente cuadro</strong>:
<table>
<tbody>
<tr>
<td width="283">Dimensiones</td>
<td width="283">Operaciones  cognitivas</td>
<td width="283">Repercusiones prácticas</td>
</tr>
<tr>
<td width="283">Racismo       ideología</td>
<td width="283">Justificar</td>
<td width="283">&nbsp;

&nbsp;

&nbsp;

&nbsp;</td>
</tr>
<tr>
<td width="283">Racismo       actitud</td>
<td width="283"></td>
<td width="283">Actitudes, sentimientos, opiniones que orientan la acción hostil.</td>
</tr>
<tr>
<td width="283">Racismo       conducta</td>
<td width="283"></td>
<td width="283">&nbsp;

&nbsp;

&nbsp;

&nbsp;</td>
</tr>
</tbody>
</table>

<hr />

5.- <strong>Siguiendo el modelo del Mapa Conceptual del <a href="https://ocw.unileon.es/educacion-intercultural-y-diversidad/material-de-clase/">artículo base</a>, realiza un Mapa Conceptual de la Educación Antirracista</strong>:
<ul>
	<li>Centra la atención en:</li>
	<li>Propone incluir en el currículum:</li>
	<li>Intenta:</li>
	<li>Defiende:</li>
</ul>
Manda tus respuestas al profesor (<a href="mailto:enrique.diez@unileon.es" target="_blank">enrique.diez@unileon.es</a>)

<p>1.- Responde VERDADERO o FALSO en las siguientes sentencias: a) La globalización no afecta a la diversidad cultural:                                    V           F b) El derecho a una buena vida acepta la diversidad cultural y reconoce las lenguas y culturas minoritarias:        [&hellip;]</p>
