{"id":13,"date":"2013-02-04T11:36:25","date_gmt":"2013-02-04T11:36:25","guid":{"rendered":"https:\/\/ocw.unileon.es\/asignatura\/?page_id=13"},"modified":"2015-10-20T09:18:49","modified_gmt":"2015-10-20T09:18:49","slug":"guia-de-aprendizaje","status":"publish","type":"page","link":"https:\/\/ocw.unileon.es\/educacion-intercultural-y-diversidad\/guia-de-aprendizaje\/","title":{"rendered":"Gu\u00eda de aprendizaje"},"content":{"rendered":"<p style=\"text-align: justify;\">Este material se inscribe en esta l\u00ednea de favorecer un aprendizaje m\u00e1s centrado en el estudiante, ofreciendo herramientas, actividades y materiales para facilitar un proceso de formaci\u00f3n progresivamente m\u00e1s aut\u00f3nomo. Recoge las principales l\u00edneas de pensamiento y actuaci\u00f3n en este campo que se vienen planteando en los \u00faltimos a\u00f1os, pero, sobre todo, aporta un enfoque did\u00e1ctico de este \u00e1mbito de formaci\u00f3n combinando teor\u00eda y pr\u00e1ctica. En este sentido, las aportaciones y reflexiones te\u00f3ricas o propuestas de actuaci\u00f3n en el \u00e1mbito educativo, se acompa\u00f1an de actividades y posibles tareas pr\u00e1cticas, que permiten hacer un ejercicio de reflexi\u00f3n, an\u00e1lisis y concreci\u00f3n de los planteamientos y las propuestas desarrolladas.<\/p>\r\n<p style=\"text-align: justify;\">La progresi\u00f3n de las actividades planteadas supone una creciente complejidad y profundizaci\u00f3n en el terreno de la educaci\u00f3n intercultural. Se inicia con aquellas que son m\u00e1s cercanas a nuestra experiencia cotidiana y que nos permiten reflexionar y plantearnos nuestros propios presupuestos y expectativas. Porque, metodol\u00f3gicamente, se ha partido de una de las primeras claves de la educaci\u00f3n intercultural: el an\u00e1lisis cr\u00edtico de nuestros propios supuestos, estereotipos y convenciones, explorando los mecanismos de construcci\u00f3n social de los mismos. Esto nos permitir\u00e1 desmontar y deconstruir aquellos aspectos etnoc\u00e9ntricos de nuestra visi\u00f3n y pr\u00e1ctica educativa, que nos permitan tratar de ser m\u00e1s coherentes con los principios de educaci\u00f3n intercultural. A partir de ah\u00ed, las actividades que se proponen se adentran en las principales estrategias did\u00e1cticas para abordar la educaci\u00f3n intercultural y se avanza en propuestas curriculares, metodol\u00f3gicas y organizativas concretas para la pr\u00e1ctica docente que suponen cambios en la filosof\u00eda, el curr\u00edculum, las estrategias de ense\u00f1anza-aprendizaje y la organizaci\u00f3n y funcionamiento del centro.<\/p>\r\n<p style=\"text-align: justify;\">Este material\u00a0se presenta as\u00ed como una herramienta de trabajo y reflexi\u00f3n a la hora de repensar, analizar, aplicar y mejorar la Educaci\u00f3n Intercultural en su actual pr\u00e1ctica educativa. A trav\u00e9s de \u00e9l se pretende que cada persona pueda explicitar sus puntos de vista e ideas previas sobre la interculturalidad y el mestizaje, analizando por qu\u00e9 y c\u00f3mo influyen en su forma de ense\u00f1ar y de qu\u00e9 manera pueden condicionar el proceso de aprendizaje de su alumnado; que reflexione cr\u00edticamente y contraste los grandes enfoques actuales de la educaci\u00f3n intercultural, considerando cu\u00e1l ser\u00eda el m\u00e1s apropiado para aplicar en su pr\u00e1ctica educativa; y que conozca y vea ejemplos, experiencias, recursos y metodolog\u00edas que le puedan ayudar a enfocar su pr\u00e1ctica educativa.<\/p>\r\n<p style=\"text-align: justify;\">El planteamiento de educaci\u00f3n intercultural que en este material\u00a0se expone va m\u00e1s all\u00e1 del tradicional enfoque que busca incrementar las competencias de los chicos y las chicas inmigrantes \u2013de pa\u00edses empobrecidos\u2013 en la adquisici\u00f3n de la lengua y de los valores de la cultura aut\u00f3ctona mayoritaria, para favorecer, de ese modo, que adquieran una preparaci\u00f3n que les facilite el acceso al mundo laboral adulto. Esta orientaci\u00f3n se debe a que el auge como campo de estudio de la Educaci\u00f3n Intercultural se inici\u00f3, en Europa, en la d\u00e9cada de los ochenta, con la visibilizaci\u00f3n de la migraci\u00f3n. \u201cEsto va a ser determinante para el modelo de respuesta por el que se opta, al desarrollarse m\u00e1s como reacci\u00f3n a la presencia de inmigrantes en las aulas a trav\u00e9s de medidas compensatorias, que como una revisi\u00f3n de la inadecuaci\u00f3n de los supuestos homogeneizadores y etnoc\u00e9ntricos sobre los que se asienta el propio sistema\u201d (Garc\u00eda y Goenechea, 2009, 87-88). Lo cual explica que la vinculaci\u00f3n entre interculturalidad y migraci\u00f3n sea hegem\u00f3nica en el discurso del norte occidental y que se haya construido un imaginario colectivo \u2013que afecta tambi\u00e9n profundamente al mundo de la educaci\u00f3n\u2013 que prima esta orientaci\u00f3n instrumental y compensatoria, desde una mirada etnoc\u00e9ntrica, en el que las propuestas pedag\u00f3gicas se relacionan con aspectos \u201ccompensatorios\u201d dirigidos espec\u00edficamente al alumnado migrante, m\u00e1s que con una educaci\u00f3n en valores de todo el alumnado. Se ha convertido as\u00ed en una cuesti\u00f3n m\u00e1s bien t\u00e9cnica, que orienta una respuesta no siempre acertada (Essomba, 2004).<\/p>\r\n<p style=\"text-align: justify;\">En este material\u00a0se considera que educar interculturalmente no es adoptar medidas espec\u00edficas para alumnado diverso, sino favorecer el aprendizaje de todos y todas desde una perspectiva culturalmente diversa y enriquecedora. Se apuesta por una Educaci\u00f3n Intercultural como una herramienta para aprender colectivamente a ser ciudadanos y ciudadanas de un mundo cada vez m\u00e1s global y mestizo, de cara a la construcci\u00f3n colectiva de una ciudadan\u00eda cr\u00edtica global, que incorpore las nociones de justicia social y democracia cultural como bases de esta ciudadan\u00eda.<\/p>\r\n<p style=\"text-align: justify;\"><em>\u201cLa concreci\u00f3n de estos prop\u00f3sitos en el marco escolar de nuestros centros educativos implica entender la educaci\u00f3n intercultural como un movimiento de reforma dirigido a: incrementar la igualdad educativa de todo el alumnado; fomentar una pr\u00e1ctica democr\u00e1tica y hacer posible el reconocimiento de m\u00faltiples visiones del mundo, englobando cambios importantes en todas las variables de las instituciones educativas sin desvincularlas de su contexto sociopol\u00edtico\u201d (Sabariego, 2004, 150).<\/em><\/p>\r\n<p style=\"text-align: justify;\">En este sentido la Educaci\u00f3n Intercultural no es ni debe identificarse con la \u201catenci\u00f3n educativa a ni\u00f1os y ni\u00f1as extranjeros y extranjeras de familias originarias de pa\u00edses empobrecidos\u201d, sino que es la educaci\u00f3n de todos y todas para convivir y colaborar dentro de una sociedad multicultural, en t\u00e9rminos de justicia e igualdad. Es una propuesta y una oportunidad de mejora del sistema educativo.<\/p>\r\n<p style=\"text-align: justify;\">Por eso, en cierta medida, a\u00f1adir el adjetivo \u201cintercultural\u201d a la educaci\u00f3n es una tautolog\u00eda, pues cualquier pr\u00e1ctica o teor\u00eda educativa que ignore la diversidad del alumnado no puede considerarse como tal. Se trata de recrear la mejor tradici\u00f3n pedag\u00f3gica, buscando la mejor educaci\u00f3n posible para todos y todas, pensada desde las necesidades de todos y todas y especialmente de aquellos y aquellas que han sido tradicionalmente olvidados o silenciados.<\/p>\r\n<p style=\"text-align: justify;\">Es cierto que el sistema educativo ha ido tomando algunas medidas (adaptaciones curriculares, programas de compensaci\u00f3n educativa, programas de garant\u00eda social o iniciaci\u00f3n profesional, etc.), pero pr\u00e1cticamente ha obviado el n\u00facleo esencial del curr\u00edculo escolar (los contenidos, el canon cultural occidental), e incluso ha ca\u00eddo en estrategias metodol\u00f3gicas, organizativas y curriculares inadecuadas: la segregaci\u00f3n, la exclusi\u00f3n de muchas voces en el\u00a0 curr\u00edculum o su tratamiento espor\u00e1dico y tergiversado. Porque, tal y como hab\u00eda sido creada inicialmente la escuela, con la finalidad de homogeneizar a sus componentes, ante el hecho de la diversidad, no ha podido por menos de sentirse desestabilizada, vivi\u00e9ndola inicialmente como un \u201cproblema\u201d.<\/p>\r\n<p style=\"text-align: justify;\">Por eso, los cambios aqu\u00ed planteados van m\u00e1s all\u00e1 de la adopci\u00f3n de medidas t\u00e9cnicas, para situarse en el terreno de lo social y lo pol\u00edtico. Reclama una reconstrucci\u00f3n amplia de la escuela como instituci\u00f3n social y cultural, repensando su finalidad, sus funciones, sus m\u00e9todos y sus pr\u00e1cticas. Lo cual supone una nueva cultura y una revisi\u00f3n en profundidad de los supuestos sobre los que se establece hist\u00f3ricamente la instituci\u00f3n escolar, entre los que se encuentra su marcada tendencia homogeneizadora y competitiva (Garc\u00eda y Goenechea, 2009).<\/p>\r\n<p style=\"text-align: justify;\">Besal\u00fa (2010) propone tres caminos complementarios para interculturalizar la pr\u00e1ctica educativa:<\/p>\r\n\r\n<ul style=\"text-align: justify;\">\r\n\t<li>El primero se centrar\u00eda en revisar a fondo el sesgo occidentaloc\u00e9ntrico que impregna todo el curr\u00edculo (los objetivos y contenidos conceptuales y procedimentales de las distintas \u00e1reas, as\u00ed como los materiales y recursos did\u00e1cticos) para introducir la perspectiva intercultural mejorando as\u00ed su cientificidad y su funcionalidad.<\/li>\r\n\t<li>El segundo aplica la perspectiva intercultural a las cuestiones organizativas, los documentos institucionales (el proyecto educativo, el reglamento de r\u00e9gimen interior, el plan de acogida, el plan de convivencia, la programaci\u00f3n anual, etc.), las metodolog\u00edas, la acci\u00f3n tutorial, las t\u00e9cnicas y las estrategias did\u00e1cticas, las formas y usos de la evaluaci\u00f3n del alumnado y del propio centro, la organizaci\u00f3n de los tiempos, de los espacios, de los grupos de alumnado, etc.<\/li>\r\n\t<li>El tercero pone el acento en la educaci\u00f3n en valores, en la dimensi\u00f3n \u00e9tica de la ense\u00f1anza, proponiendo la necesidad de plantear una verdadera educaci\u00f3n antirracista. La \u201ceducaci\u00f3n antirracista\u201d, complementa la educaci\u00f3n intercultural favoreciendo una educaci\u00f3n que construya una sociedad con igualdad de derechos y de oportunidades para todos y todas. Ensancha la mirada hacia otras dimensiones tan importantes como las relaciones de poder, las condiciones socioecon\u00f3micas, etc., convirti\u00e9ndolas en eje central y vertebrador del an\u00e1lisis y la actuaci\u00f3n. De ah\u00ed que este tercer camino explore los mecanismos sociales, econ\u00f3micos y culturales que se encuentran en la base de las situaciones de discriminaci\u00f3n que perpet\u00faan la exclusi\u00f3n e implica en acciones y compromisos educativos y sociopol\u00edticos de cambio de esas estructuras injustas y discriminatorias. Permite no s\u00f3lo vincular los contenidos trabajados con la vida real, sino animar al alumnado a iniciar acciones reflexionadas y a verse sujetos activos que pueden colaborar a mejorar la sociedad a trav\u00e9s de la acci\u00f3n colectiva y el ejercicio cr\u00edtico de la ciudadan\u00eda.<\/li>\r\n<\/ul>\r\n<p style=\"text-align: justify;\">Estos tres caminos complementarios son los que se tratan de recorrer y experimentar en este texto. Abordar el reto de la diversidad cultural es una de las tareas m\u00e1s importantes que el siglo XXI reserva a nuestra sociedad. Dar respuesta positiva a este reto supondr\u00e1 la renovaci\u00f3n del aprendizaje de una convivencia constructiva y positiva; la reconstrucci\u00f3n de identidades sociales mestizas y multiculturales; y la formaci\u00f3n de y para una ciudadan\u00eda activa. Es una oportunidad que no debemos desaprovechar para construir una sociedad aut\u00e9nticamente democr\u00e1tica. Sabiendo que el reconocimiento de la diversidad y las diferencias culturales s\u00f3lo es posible activarlo desde la igualdad de las condiciones de acceso al escenario que hace posible dicho reconocimiento.<\/p>\r\n<p style=\"text-align: justify;\"><em>\u201cLa diversidad cultural, en un contexto social de equidad, justicia e igualdad de derechos deja de ser un motivo de conflicto para convertirse en una oportunidad de desarrollo y crecimiento personal y colectivo para todos y todas\u201d (Essomba, 2003, 63).<\/em><\/p>\r\n<p style=\"text-align: justify;\">Por eso se necesita algo m\u00e1s que el trabajo pedag\u00f3gico. La educaci\u00f3n intercultural es insuficiente si no va unida a una pol\u00edtica general de igualdad de oportunidades, a todos los niveles, por parte del Estado y de la sociedad. Como dice Mary Nash (1999), la pedagog\u00eda de la interculturalidad no se limita, ni mucho menos, al \u00e1mbito de la escuela, sino que implica a la sociedad en su conjunto en una lucha relacionada con la justicia social, el desarrollo de la ciudadan\u00eda, la democracia participativa y la eliminaci\u00f3n del sexismo. Vincula as\u00ed las luchas educativas con esfuerzos m\u00e1s amplios destinados a democratizar, pluralizar y reconstruir la vida p\u00fablica (Giroux y Flecha, 2002). De hecho la situaci\u00f3n de integraci\u00f3n y de cohesi\u00f3n sociocultural s\u00f3lo se producir\u00e1 en el caso de que la poblaci\u00f3n pueda ver satisfechas sus expectativas de orden econ\u00f3mico y pol\u00edtico, en el contexto de una sociedad con igualdad de derechos y de oportunidades para todos y todas.<\/p>","protected":false},"excerpt":{"rendered":"<p>Este material se inscribe en esta l\u00ednea de favorecer un aprendizaje m\u00e1s centrado en el estudiante, ofreciendo herramientas, actividades y materiales para facilitar un proceso de formaci\u00f3n progresivamente m\u00e1s aut\u00f3nomo. Recoge las principales l\u00edneas de pensamiento y actuaci\u00f3n en este campo que se vienen planteando en los \u00faltimos a\u00f1os, pero, sobre todo, aporta un enfoque [&hellip;]<\/p>\n","protected":false},"author":29,"featured_media":0,"parent":0,"menu_order":0,"comment_status":"closed","ping_status":"closed","template":"","meta":{"footnotes":""},"class_list":["post-13","page","type-page","status-publish","hentry"],"_links":{"self":[{"href":"https:\/\/ocw.unileon.es\/educacion-intercultural-y-diversidad\/wp-json\/wp\/v2\/pages\/13","targetHints":{"allow":["GET"]}}],"collection":[{"href":"https:\/\/ocw.unileon.es\/educacion-intercultural-y-diversidad\/wp-json\/wp\/v2\/pages"}],"about":[{"href":"https:\/\/ocw.unileon.es\/educacion-intercultural-y-diversidad\/wp-json\/wp\/v2\/types\/page"}],"author":[{"embeddable":true,"href":"https:\/\/ocw.unileon.es\/educacion-intercultural-y-diversidad\/wp-json\/wp\/v2\/users\/29"}],"replies":[{"embeddable":true,"href":"https:\/\/ocw.unileon.es\/educacion-intercultural-y-diversidad\/wp-json\/wp\/v2\/comments?post=13"}],"version-history":[{"count":2,"href":"https:\/\/ocw.unileon.es\/educacion-intercultural-y-diversidad\/wp-json\/wp\/v2\/pages\/13\/revisions"}],"predecessor-version":[{"id":51,"href":"https:\/\/ocw.unileon.es\/educacion-intercultural-y-diversidad\/wp-json\/wp\/v2\/pages\/13\/revisions\/51"}],"wp:attachment":[{"href":"https:\/\/ocw.unileon.es\/educacion-intercultural-y-diversidad\/wp-json\/wp\/v2\/media?parent=13"}],"curies":[{"name":"wp","href":"https:\/\/api.w.org\/{rel}","templated":true}]}}

Guía de aprendizaje

<p style="text-align: justify;">Este material se inscribe en esta línea de favorecer un aprendizaje más centrado en el estudiante, ofreciendo herramientas, actividades y materiales para facilitar un proceso de formación progresivamente más autónomo. Recoge las principales líneas de pensamiento y actuación en este campo que se vienen planteando en los últimos años, pero, sobre todo, aporta un enfoque didáctico de este ámbito de formación combinando teoría y práctica. En este sentido, las aportaciones y reflexiones teóricas o propuestas de actuación en el ámbito educativo, se acompañan de actividades y posibles tareas prácticas, que permiten hacer un ejercicio de reflexión, análisis y concreción de los planteamientos y las propuestas desarrolladas.</p>
<p style="text-align: justify;">La progresión de las actividades planteadas supone una creciente complejidad y profundización en el terreno de la educación intercultural. Se inicia con aquellas que son más cercanas a nuestra experiencia cotidiana y que nos permiten reflexionar y plantearnos nuestros propios presupuestos y expectativas. Porque, metodológicamente, se ha partido de una de las primeras claves de la educación intercultural: el análisis crítico de nuestros propios supuestos, estereotipos y convenciones, explorando los mecanismos de construcción social de los mismos. Esto nos permitirá desmontar y deconstruir aquellos aspectos etnocéntricos de nuestra visión y práctica educativa, que nos permitan tratar de ser más coherentes con los principios de educación intercultural. A partir de ahí, las actividades que se proponen se adentran en las principales estrategias didácticas para abordar la educación intercultural y se avanza en propuestas curriculares, metodológicas y organizativas concretas para la práctica docente que suponen cambios en la filosofía, el currículum, las estrategias de enseñanza-aprendizaje y la organización y funcionamiento del centro.</p>
<p style="text-align: justify;">Este material se presenta así como una herramienta de trabajo y reflexión a la hora de repensar, analizar, aplicar y mejorar la Educación Intercultural en su actual práctica educativa. A través de él se pretende que cada persona pueda explicitar sus puntos de vista e ideas previas sobre la interculturalidad y el mestizaje, analizando por qué y cómo influyen en su forma de enseñar y de qué manera pueden condicionar el proceso de aprendizaje de su alumnado; que reflexione críticamente y contraste los grandes enfoques actuales de la educación intercultural, considerando cuál sería el más apropiado para aplicar en su práctica educativa; y que conozca y vea ejemplos, experiencias, recursos y metodologías que le puedan ayudar a enfocar su práctica educativa.</p>
<p style="text-align: justify;">El planteamiento de educación intercultural que en este material se expone va más allá del tradicional enfoque que busca incrementar las competencias de los chicos y las chicas inmigrantes –de países empobrecidos– en la adquisición de la lengua y de los valores de la cultura autóctona mayoritaria, para favorecer, de ese modo, que adquieran una preparación que les facilite el acceso al mundo laboral adulto. Esta orientación se debe a que el auge como campo de estudio de la Educación Intercultural se inició, en Europa, en la década de los ochenta, con la visibilización de la migración. “Esto va a ser determinante para el modelo de respuesta por el que se opta, al desarrollarse más como reacción a la presencia de inmigrantes en las aulas a través de medidas compensatorias, que como una revisión de la inadecuación de los supuestos homogeneizadores y etnocéntricos sobre los que se asienta el propio sistema” (García y Goenechea, 2009, 87-88). Lo cual explica que la vinculación entre interculturalidad y migración sea hegemónica en el discurso del norte occidental y que se haya construido un imaginario colectivo –que afecta también profundamente al mundo de la educación– que prima esta orientación instrumental y compensatoria, desde una mirada etnocéntrica, en el que las propuestas pedagógicas se relacionan con aspectos “compensatorios” dirigidos específicamente al alumnado migrante, más que con una educación en valores de todo el alumnado. Se ha convertido así en una cuestión más bien técnica, que orienta una respuesta no siempre acertada (Essomba, 2004).</p>
<p style="text-align: justify;">En este material se considera que educar interculturalmente no es adoptar medidas específicas para alumnado diverso, sino favorecer el aprendizaje de todos y todas desde una perspectiva culturalmente diversa y enriquecedora. Se apuesta por una Educación Intercultural como una herramienta para aprender colectivamente a ser ciudadanos y ciudadanas de un mundo cada vez más global y mestizo, de cara a la construcción colectiva de una ciudadanía crítica global, que incorpore las nociones de justicia social y democracia cultural como bases de esta ciudadanía.</p>
<p style="text-align: justify;"><em>“La concreción de estos propósitos en el marco escolar de nuestros centros educativos implica entender la educación intercultural como un movimiento de reforma dirigido a: incrementar la igualdad educativa de todo el alumnado; fomentar una práctica democrática y hacer posible el reconocimiento de múltiples visiones del mundo, englobando cambios importantes en todas las variables de las instituciones educativas sin desvincularlas de su contexto sociopolítico” (Sabariego, 2004, 150).</em></p>
<p style="text-align: justify;">En este sentido la Educación Intercultural no es ni debe identificarse con la “atención educativa a niños y niñas extranjeros y extranjeras de familias originarias de países empobrecidos”, sino que es la educación de todos y todas para convivir y colaborar dentro de una sociedad multicultural, en términos de justicia e igualdad. Es una propuesta y una oportunidad de mejora del sistema educativo.</p>
<p style="text-align: justify;">Por eso, en cierta medida, añadir el adjetivo “intercultural” a la educación es una tautología, pues cualquier práctica o teoría educativa que ignore la diversidad del alumnado no puede considerarse como tal. Se trata de recrear la mejor tradición pedagógica, buscando la mejor educación posible para todos y todas, pensada desde las necesidades de todos y todas y especialmente de aquellos y aquellas que han sido tradicionalmente olvidados o silenciados.</p>
<p style="text-align: justify;">Es cierto que el sistema educativo ha ido tomando algunas medidas (adaptaciones curriculares, programas de compensación educativa, programas de garantía social o iniciación profesional, etc.), pero prácticamente ha obviado el núcleo esencial del currículo escolar (los contenidos, el canon cultural occidental), e incluso ha caído en estrategias metodológicas, organizativas y curriculares inadecuadas: la segregación, la exclusión de muchas voces en el  currículum o su tratamiento esporádico y tergiversado. Porque, tal y como había sido creada inicialmente la escuela, con la finalidad de homogeneizar a sus componentes, ante el hecho de la diversidad, no ha podido por menos de sentirse desestabilizada, viviéndola inicialmente como un “problema”.</p>
<p style="text-align: justify;">Por eso, los cambios aquí planteados van más allá de la adopción de medidas técnicas, para situarse en el terreno de lo social y lo político. Reclama una reconstrucción amplia de la escuela como institución social y cultural, repensando su finalidad, sus funciones, sus métodos y sus prácticas. Lo cual supone una nueva cultura y una revisión en profundidad de los supuestos sobre los que se establece históricamente la institución escolar, entre los que se encuentra su marcada tendencia homogeneizadora y competitiva (García y Goenechea, 2009).</p>
<p style="text-align: justify;">Besalú (2010) propone tres caminos complementarios para interculturalizar la práctica educativa:</p>

<ul style="text-align: justify;">
	<li>El primero se centraría en revisar a fondo el sesgo occidentalocéntrico que impregna todo el currículo (los objetivos y contenidos conceptuales y procedimentales de las distintas áreas, así como los materiales y recursos didácticos) para introducir la perspectiva intercultural mejorando así su cientificidad y su funcionalidad.</li>
	<li>El segundo aplica la perspectiva intercultural a las cuestiones organizativas, los documentos institucionales (el proyecto educativo, el reglamento de régimen interior, el plan de acogida, el plan de convivencia, la programación anual, etc.), las metodologías, la acción tutorial, las técnicas y las estrategias didácticas, las formas y usos de la evaluación del alumnado y del propio centro, la organización de los tiempos, de los espacios, de los grupos de alumnado, etc.</li>
	<li>El tercero pone el acento en la educación en valores, en la dimensión ética de la enseñanza, proponiendo la necesidad de plantear una verdadera educación antirracista. La “educación antirracista”, complementa la educación intercultural favoreciendo una educación que construya una sociedad con igualdad de derechos y de oportunidades para todos y todas. Ensancha la mirada hacia otras dimensiones tan importantes como las relaciones de poder, las condiciones socioeconómicas, etc., convirtiéndolas en eje central y vertebrador del análisis y la actuación. De ahí que este tercer camino explore los mecanismos sociales, económicos y culturales que se encuentran en la base de las situaciones de discriminación que perpetúan la exclusión e implica en acciones y compromisos educativos y sociopolíticos de cambio de esas estructuras injustas y discriminatorias. Permite no sólo vincular los contenidos trabajados con la vida real, sino animar al alumnado a iniciar acciones reflexionadas y a verse sujetos activos que pueden colaborar a mejorar la sociedad a través de la acción colectiva y el ejercicio crítico de la ciudadanía.</li>
</ul>
<p style="text-align: justify;">Estos tres caminos complementarios son los que se tratan de recorrer y experimentar en este texto. Abordar el reto de la diversidad cultural es una de las tareas más importantes que el siglo XXI reserva a nuestra sociedad. Dar respuesta positiva a este reto supondrá la renovación del aprendizaje de una convivencia constructiva y positiva; la reconstrucción de identidades sociales mestizas y multiculturales; y la formación de y para una ciudadanía activa. Es una oportunidad que no debemos desaprovechar para construir una sociedad auténticamente democrática. Sabiendo que el reconocimiento de la diversidad y las diferencias culturales sólo es posible activarlo desde la igualdad de las condiciones de acceso al escenario que hace posible dicho reconocimiento.</p>
<p style="text-align: justify;"><em>“La diversidad cultural, en un contexto social de equidad, justicia e igualdad de derechos deja de ser un motivo de conflicto para convertirse en una oportunidad de desarrollo y crecimiento personal y colectivo para todos y todas” (Essomba, 2003, 63).</em></p>
<p style="text-align: justify;">Por eso se necesita algo más que el trabajo pedagógico. La educación intercultural es insuficiente si no va unida a una política general de igualdad de oportunidades, a todos los niveles, por parte del Estado y de la sociedad. Como dice Mary Nash (1999), la pedagogía de la interculturalidad no se limita, ni mucho menos, al ámbito de la escuela, sino que implica a la sociedad en su conjunto en una lucha relacionada con la justicia social, el desarrollo de la ciudadanía, la democracia participativa y la eliminación del sexismo. Vincula así las luchas educativas con esfuerzos más amplios destinados a democratizar, pluralizar y reconstruir la vida pública (Giroux y Flecha, 2002). De hecho la situación de integración y de cohesión sociocultural sólo se producirá en el caso de que la población pueda ver satisfechas sus expectativas de orden económico y político, en el contexto de una sociedad con igualdad de derechos y de oportunidades para todos y todas.</p>

<p>Este material se inscribe en esta línea de favorecer un aprendizaje más centrado en el estudiante, ofreciendo herramientas, actividades y materiales para facilitar un proceso de formación progresivamente más autónomo. Recoge las principales líneas de pensamiento y actuación en este campo que se vienen planteando en los últimos años, pero, sobre todo, aporta un enfoque [&hellip;]</p>
