{"id":7,"date":"2013-02-04T11:35:29","date_gmt":"2013-02-04T11:35:29","guid":{"rendered":"https:\/\/ocw.unileon.es\/asignatura\/?page_id=7"},"modified":"2014-03-26T17:42:13","modified_gmt":"2014-03-26T17:42:13","slug":"programa","status":"publish","type":"page","link":"https:\/\/ocw.unileon.es\/educacion-intercultural-y-diversidad\/programa\/","title":{"rendered":"Programa"},"content":{"rendered":"<h1 dir=\"ltr\" data-angle=\"0\" data-font-name=\"g_font_5_0\" data-canvas-width=\"571.1764800000001\">La pr\u00e1ctica educativa ante la interculturalidad<\/h1>\r\n<div dir=\"ltr\" data-angle=\"0\" data-font-name=\"g_font_5_0\" data-canvas-width=\"261.31248\">\r\n<ol>\r\n\t<li><strong>Una sociedad global<\/strong>: Toda sociedad es mestiza (Referencia bibliogr\u00e1fica de estos contenidos en: D\u00edez Guti\u00e9rrez, E.J. (2012).Educaci\u00f3n Intercultural: Manual de Grado,M\u00e1laga: Aljibe. Pgs.17-28)<\/li>\r\n<\/ol>\r\n<\/div>\r\n<div dir=\"ltr\" data-angle=\"0\" data-font-name=\"g_font_5_0\" data-canvas-width=\"272.96568\">\r\n<ol>\r\n\t<li><strong>La poblaci\u00f3n migrante<\/strong>: Nuestra percepci\u00f3n de los \u201cotros\u201dy el discurso de los medios de comunicaci\u00f3n (Referencia bibliogr\u00e1fica de estos contenidos en: D\u00edez Guti\u00e9rrez, E.J. (2012). Educaci\u00f3n Intercultural: Manual de Grado, M\u00e1laga: Aljibe. Pgs. 29-47)<\/li>\r\n<\/ol>\r\n<\/div>\r\n<div dir=\"ltr\" data-angle=\"0\" data-font-name=\"g_font_5_0\" data-canvas-width=\"30.265079999999998\">\r\n<ol>\r\n\t<li><strong>Nuevas formas de convivencia<\/strong>: La cultura \u201cblanca\u201d (Referencia bibliogr\u00e1fica de estos contenidos en: D\u00edez Guti\u00e9rrez, E.J. (2012). Educaci\u00f3n Intercultural: Manual de Grado, M\u00e1laga: Aljibe. Pgs. 53-64.)<\/li>\r\n<\/ol>\r\n<\/div>","protected":false},"excerpt":{"rendered":"<p>La pr\u00e1ctica educativa ante la interculturalidad Una sociedad global: Toda sociedad es mestiza (Referencia bibliogr\u00e1fica de estos contenidos en: D\u00edez Guti\u00e9rrez, E.J. (2012).Educaci\u00f3n Intercultural: Manual de Grado,M\u00e1laga: Aljibe. Pgs.17-28) La poblaci\u00f3n migrante: Nuestra percepci\u00f3n de los \u201cotros\u201dy el discurso de los medios de comunicaci\u00f3n (Referencia bibliogr\u00e1fica de estos contenidos en: D\u00edez Guti\u00e9rrez, E.J. (2012). Educaci\u00f3n [&hellip;]<\/p>\n","protected":false},"author":29,"featured_media":0,"parent":0,"menu_order":0,"comment_status":"closed","ping_status":"closed","template":"","meta":{"footnotes":""},"class_list":["post-7","page","type-page","status-publish","hentry"],"_links":{"self":[{"href":"https:\/\/ocw.unileon.es\/educacion-intercultural-y-diversidad\/wp-json\/wp\/v2\/pages\/7","targetHints":{"allow":["GET"]}}],"collection":[{"href":"https:\/\/ocw.unileon.es\/educacion-intercultural-y-diversidad\/wp-json\/wp\/v2\/pages"}],"about":[{"href":"https:\/\/ocw.unileon.es\/educacion-intercultural-y-diversidad\/wp-json\/wp\/v2\/types\/page"}],"author":[{"embeddable":true,"href":"https:\/\/ocw.unileon.es\/educacion-intercultural-y-diversidad\/wp-json\/wp\/v2\/users\/29"}],"replies":[{"embeddable":true,"href":"https:\/\/ocw.unileon.es\/educacion-intercultural-y-diversidad\/wp-json\/wp\/v2\/comments?post=7"}],"version-history":[{"count":2,"href":"https:\/\/ocw.unileon.es\/educacion-intercultural-y-diversidad\/wp-json\/wp\/v2\/pages\/7\/revisions"}],"predecessor-version":[{"id":35,"href":"https:\/\/ocw.unileon.es\/educacion-intercultural-y-diversidad\/wp-json\/wp\/v2\/pages\/7\/revisions\/35"}],"wp:attachment":[{"href":"https:\/\/ocw.unileon.es\/educacion-intercultural-y-diversidad\/wp-json\/wp\/v2\/media?parent=7"}],"curies":[{"name":"wp","href":"https:\/\/api.w.org\/{rel}","templated":true}]}}

<h1 dir="ltr" data-angle="0" data-font-name="g_font_5_0" data-canvas-width="571.1764800000001">La práctica educativa ante la interculturalidad</h1>
<div dir="ltr" data-angle="0" data-font-name="g_font_5_0" data-canvas-width="261.31248">
<ol>
	<li><strong>Una sociedad global</strong>: Toda sociedad es mestiza (Referencia bibliográfica de estos contenidos en: Díez Gutiérrez, E.J. (2012).Educación Intercultural: Manual de Grado,Málaga: Aljibe. Pgs.17-28)</li>
</ol>
</div>
<div dir="ltr" data-angle="0" data-font-name="g_font_5_0" data-canvas-width="272.96568">
<ol>
	<li><strong>La población migrante</strong>: Nuestra percepción de los “otros”y el discurso de los medios de comunicación (Referencia bibliográfica de estos contenidos en: Díez Gutiérrez, E.J. (2012). Educación Intercultural: Manual de Grado, Málaga: Aljibe. Pgs. 29-47)</li>
</ol>
</div>
<div dir="ltr" data-angle="0" data-font-name="g_font_5_0" data-canvas-width="30.265079999999998">
<ol>
	<li><strong>Nuevas formas de convivencia</strong>: La cultura “blanca” (Referencia bibliográfica de estos contenidos en: Díez Gutiérrez, E.J. (2012). Educación Intercultural: Manual de Grado, Málaga: Aljibe. Pgs. 53-64.)</li>
</ol>
</div>

<p>La práctica educativa ante la interculturalidad Una sociedad global: Toda sociedad es mestiza (Referencia bibliográfica de estos contenidos en: Díez Gutiérrez, E.J. (2012).Educación Intercultural: Manual de Grado,Málaga: Aljibe. Pgs.17-28) La población migrante: Nuestra percepción de los “otros”y el discurso de los medios de comunicación (Referencia bibliográfica de estos contenidos en: Díez Gutiérrez, E.J. (2012). Educación [&hellip;]</p>
