{"id":9,"date":"2013-02-04T11:35:46","date_gmt":"2013-02-04T11:35:46","guid":{"rendered":"https:\/\/ocw.unileon.es\/asignatura\/?page_id=9"},"modified":"2015-10-20T09:00:41","modified_gmt":"2015-10-20T09:00:41","slug":"material-de-clase","status":"publish","type":"page","link":"https:\/\/ocw.unileon.es\/educacion-intercultural-y-diversidad\/material-de-clase\/","title":{"rendered":"Material de clase"},"content":{"rendered":"Responde a estas 5 cuestiones iniciales a trav\u00e9s de las que puedes darnos tu opini\u00f3n sobre la realidad educativa que est\u00e1s viviendo:\r\n<ol>\r\n\t<li><em>\u00bfCrees que existen razas? \u00bfPor qu\u00e9?<\/em><\/li>\r\n\t<li><em>\u00bfNacemos racistas o nos hacemos racistas?<\/em><\/li>\r\n\t<li><em>\u00bfTodo ser humano es diferente o hay grupos que se parecen m\u00e1s que otros? \u00bfEs una ventaja o una dificultad? \u00bfEn educaci\u00f3n nos ayuda?<\/em><\/li>\r\n\t<li><em>\u00bfLos estudiantes deben adaptarse a la escuela o la escuela a los estudiantes? \u00bfEn qu\u00e9 sentido? <\/em><\/li>\r\n\t<li><em>\u00bfQu\u00e9 es para ti educar interculturalmente? \u00bfPuedes poner algunos ejemplos concretos de ello?<\/em><\/li>\r\n<\/ol>\r\n\r\n<hr \/>\r\n\r\nLee el siguiente texto:\u00a0<a href=\"https:\/\/ocw.unileon.es\/educacion-intercultural-y-diversidad\/wp-content\/uploads\/sites\/32\/2013\/02\/Articulo_base.pdf\">Articulo_base<\/a>\u00a0[Lectura obligatoria] Art\u00edculo base para trabajar el curso.\r\n<p style=\"text-align: center;\"><a href=\"https:\/\/ocw.unileon.es\/educacion-intercultural-y-diversidad\/wp-content\/uploads\/sites\/32\/2013\/02\/EII3.jpg\"><img loading=\"lazy\" decoding=\"async\" class=\"alignnone size-medium wp-image-39\" src=\"https:\/\/ocw.unileon.es\/educacion-intercultural-y-diversidad\/wp-content\/uploads\/sites\/32\/2013\/02\/EII3-297x300.jpg\" alt=\"EII3\" width=\"297\" height=\"300\" srcset=\"https:\/\/ocw.unileon.es\/educacion-intercultural-y-diversidad\/wp-content\/uploads\/sites\/32\/2013\/02\/EII3-297x300.jpg 297w, https:\/\/ocw.unileon.es\/educacion-intercultural-y-diversidad\/wp-content\/uploads\/sites\/32\/2013\/02\/EII3.jpg 753w\" sizes=\"auto, (max-width: 297px) 100vw, 297px\" \/><\/a><\/p>","protected":false},"excerpt":{"rendered":"<p>Responde a estas 5 cuestiones iniciales a trav\u00e9s de las que puedes darnos tu opini\u00f3n sobre la realidad educativa que est\u00e1s viviendo: \u00bfCrees que existen razas? \u00bfPor qu\u00e9? \u00bfNacemos racistas o nos hacemos racistas? \u00bfTodo ser humano es diferente o hay grupos que se parecen m\u00e1s que otros? \u00bfEs una ventaja o una dificultad? \u00bfEn [&hellip;]<\/p>\n","protected":false},"author":29,"featured_media":0,"parent":0,"menu_order":0,"comment_status":"closed","ping_status":"closed","template":"","meta":{"footnotes":""},"class_list":["post-9","page","type-page","status-publish","hentry"],"_links":{"self":[{"href":"https:\/\/ocw.unileon.es\/educacion-intercultural-y-diversidad\/wp-json\/wp\/v2\/pages\/9","targetHints":{"allow":["GET"]}}],"collection":[{"href":"https:\/\/ocw.unileon.es\/educacion-intercultural-y-diversidad\/wp-json\/wp\/v2\/pages"}],"about":[{"href":"https:\/\/ocw.unileon.es\/educacion-intercultural-y-diversidad\/wp-json\/wp\/v2\/types\/page"}],"author":[{"embeddable":true,"href":"https:\/\/ocw.unileon.es\/educacion-intercultural-y-diversidad\/wp-json\/wp\/v2\/users\/29"}],"replies":[{"embeddable":true,"href":"https:\/\/ocw.unileon.es\/educacion-intercultural-y-diversidad\/wp-json\/wp\/v2\/comments?post=9"}],"version-history":[{"count":2,"href":"https:\/\/ocw.unileon.es\/educacion-intercultural-y-diversidad\/wp-json\/wp\/v2\/pages\/9\/revisions"}],"predecessor-version":[{"id":40,"href":"https:\/\/ocw.unileon.es\/educacion-intercultural-y-diversidad\/wp-json\/wp\/v2\/pages\/9\/revisions\/40"}],"wp:attachment":[{"href":"https:\/\/ocw.unileon.es\/educacion-intercultural-y-diversidad\/wp-json\/wp\/v2\/media?parent=9"}],"curies":[{"name":"wp","href":"https:\/\/api.w.org\/{rel}","templated":true}]}}

Responde a estas 5 cuestiones iniciales a través de las que puedes darnos tu opinión sobre la realidad educativa que estás viviendo:
<ol>
	<li><em>¿Crees que existen razas? ¿Por qué?</em></li>
	<li><em>¿Nacemos racistas o nos hacemos racistas?</em></li>
	<li><em>¿Todo ser humano es diferente o hay grupos que se parecen más que otros? ¿Es una ventaja o una dificultad? ¿En educación nos ayuda?</em></li>
	<li><em>¿Los estudiantes deben adaptarse a la escuela o la escuela a los estudiantes? ¿En qué sentido? </em></li>
	<li><em>¿Qué es para ti educar interculturalmente? ¿Puedes poner algunos ejemplos concretos de ello?</em></li>
</ol>

<hr />

Lee el siguiente texto: <a href="https://ocw.unileon.es/educacion-intercultural-y-diversidad/wp-content/uploads/sites/32/2013/02/Articulo_base.pdf">Articulo_base</a> [Lectura obligatoria] Artículo base para trabajar el curso.
<p style="text-align: center;"><a href="https://ocw.unileon.es/educacion-intercultural-y-diversidad/wp-content/uploads/sites/32/2013/02/EII3.jpg"><img loading="lazy" decoding="async" class="alignnone size-medium wp-image-39" src="https://ocw.unileon.es/educacion-intercultural-y-diversidad/wp-content/uploads/sites/32/2013/02/EII3-297x300.jpg" alt="EII3" width="297" height="300" srcset="https://ocw.unileon.es/educacion-intercultural-y-diversidad/wp-content/uploads/sites/32/2013/02/EII3-297x300.jpg 297w, https://ocw.unileon.es/educacion-intercultural-y-diversidad/wp-content/uploads/sites/32/2013/02/EII3.jpg 753w" sizes="auto, (max-width: 297px) 100vw, 297px" /></a></p>

<p>Responde a estas 5 cuestiones iniciales a través de las que puedes darnos tu opinión sobre la realidad educativa que estás viviendo: ¿Crees que existen razas? ¿Por qué? ¿Nacemos racistas o nos hacemos racistas? ¿Todo ser humano es diferente o hay grupos que se parecen más que otros? ¿Es una ventaja o una dificultad? ¿En [&hellip;]</p>
