{"id":10,"date":"2013-02-04T11:35:36","date_gmt":"2013-02-04T11:35:36","guid":{"rendered":"https:\/\/ocw.unileon.es\/asignatura\/?page_id=8"},"modified":"2019-03-25T13:46:21","modified_gmt":"2019-03-25T12:46:21","slug":"bibliografia","status":"publish","type":"page","link":"https:\/\/ocw.unileon.es\/fotovoltaica-biomasa-y-cogeneracion\/bibliografia\/","title":{"rendered":"Bibliograf\u00eda"},"content":{"rendered":"\n<table border=\"0\" width=\"600\" cellspacing=\"1\" cellpadding=\"2\">\n<tbody>\n<tr>\n<td class=\"Verdana\"><img decoding=\"async\" src=\"https:\/\/guiadocente.unileon.es\/docencia\/guia_docent\/images\/square.gif\" \/>\u00a0Handbook of PV Science and Engineering\u201d, , A. Luque, S. Hegedus Ed., Wiley, 2003.<br \/><img decoding=\"async\" src=\"https:\/\/guiadocente.unileon.es\/docencia\/guia_docent\/images\/square.gif\" \/>\u00a0Donald L. Klass , Biomass for Renewable Energy, Fuels, and Chemicals, Elsevier, 1998<br \/><img decoding=\"async\" src=\"https:\/\/guiadocente.unileon.es\/docencia\/guia_docent\/images\/square.gif\" \/>\u00a0Centrales de energ\u00edas renovables: Generaci\u00f3n el\u00e9ctrica con energ\u00edas renovables., CARTA GONZ\u00c1LEZ, J.A., CALERO P\u00c9REZ, R., COLMENAR SANTOS, A., CASTRO GIL, M.A, Pearson Educaci\u00f3n, 2009<br \/><img decoding=\"async\" src=\"https:\/\/guiadocente.unileon.es\/docencia\/guia_docent\/images\/square.gif\" \/>\u00a0GARCIA GARRIDO, SANTIAGO, CENTRALES TERMOEL\u00c9CTRICAS DE BIOMASA, Renovetec , 2013<br \/><img decoding=\"async\" src=\"https:\/\/guiadocente.unileon.es\/docencia\/guia_docent\/images\/square.gif\" \/>\u00a0Jos\u00e9 M\u00aa Salas Lizarraga, COGENERACI\u00d3N Aspectos termodin\u00e1micos, tecnol\u00f3gicos y econ\u00f3micos, upv, 1994<br \/><img decoding=\"async\" src=\"https:\/\/guiadocente.unileon.es\/docencia\/guia_docent\/images\/square.gif\" \/>\u00a0Joseph A. Orlando, COGENERATION DESIGN GUIDE, American Society of Heating, Refrigerating and Air-Conditioning Engineers, Inc.2004,\u00a0<br \/><img decoding=\"async\" src=\"https:\/\/guiadocente.unileon.es\/docencia\/guia_docent\/images\/square.gif\" \/>\u00a0Castro Gil, Manuel Alonso, Energ\u00eda solar fotovoltaica , PROGENSA, 2000<\/td>\n<\/tr>\n<\/tbody>\n<\/table>\n","protected":false},"excerpt":{"rendered":"<p>\u00a0Handbook of PV Science and Engineering\u201d, , A. Luque, S. Hegedus Ed., Wiley, 2003.\u00a0Donald L. Klass , Biomass for Renewable Energy, Fuels, and Chemicals, Elsevier, 1998\u00a0Centrales de energ\u00edas renovables: Generaci\u00f3n el\u00e9ctrica con energ\u00edas renovables., CARTA GONZ\u00c1LEZ, J.A., CALERO P\u00c9REZ, R., COLMENAR SANTOS, A., CASTRO GIL, M.A, Pearson Educaci\u00f3n, 2009\u00a0GARCIA GARRIDO, SANTIAGO, CENTRALES TERMOEL\u00c9CTRICAS DE BIOMASA, [&hellip;]<\/p>\n","protected":false},"author":53,"featured_media":0,"parent":0,"menu_order":0,"comment_status":"closed","ping_status":"closed","template":"","meta":{"footnotes":""},"class_list":["post-10","page","type-page","status-publish","hentry"],"_links":{"self":[{"href":"https:\/\/ocw.unileon.es\/fotovoltaica-biomasa-y-cogeneracion\/wp-json\/wp\/v2\/pages\/10","targetHints":{"allow":["GET"]}}],"collection":[{"href":"https:\/\/ocw.unileon.es\/fotovoltaica-biomasa-y-cogeneracion\/wp-json\/wp\/v2\/pages"}],"about":[{"href":"https:\/\/ocw.unileon.es\/fotovoltaica-biomasa-y-cogeneracion\/wp-json\/wp\/v2\/types\/page"}],"author":[{"embeddable":true,"href":"https:\/\/ocw.unileon.es\/fotovoltaica-biomasa-y-cogeneracion\/wp-json\/wp\/v2\/users\/53"}],"replies":[{"embeddable":true,"href":"https:\/\/ocw.unileon.es\/fotovoltaica-biomasa-y-cogeneracion\/wp-json\/wp\/v2\/comments?post=10"}],"version-history":[{"count":1,"href":"https:\/\/ocw.unileon.es\/fotovoltaica-biomasa-y-cogeneracion\/wp-json\/wp\/v2\/pages\/10\/revisions"}],"predecessor-version":[{"id":32,"href":"https:\/\/ocw.unileon.es\/fotovoltaica-biomasa-y-cogeneracion\/wp-json\/wp\/v2\/pages\/10\/revisions\/32"}],"wp:attachment":[{"href":"https:\/\/ocw.unileon.es\/fotovoltaica-biomasa-y-cogeneracion\/wp-json\/wp\/v2\/media?parent=10"}],"curies":[{"name":"wp","href":"https:\/\/api.w.org\/{rel}","templated":true}]}}