{"id":12,"date":"2013-02-04T11:36:04","date_gmt":"2013-02-04T11:36:04","guid":{"rendered":"https:\/\/ocw.unileon.es\/asignatura\/?page_id=10"},"modified":"2019-03-25T16:50:43","modified_gmt":"2019-03-25T15:50:43","slug":"ejercicios-proyectos-y-casos","status":"publish","type":"page","link":"https:\/\/ocw.unileon.es\/fotovoltaica-biomasa-y-cogeneracion\/ejercicios-proyectos-y-casos\/","title":{"rendered":"Ejercicios, proyectos y casos"},"content":{"rendered":"\n<div class=\"wp-block-file\"><a href=\"https:\/\/ocw.unileon.es\/fotovoltaica-biomasa-y-cogeneracion\/wp-content\/uploads\/sites\/50\/2019\/03\/4.-Ejercicios-proyectos-y-casos.pdf\">4. Ejercicios, proyectos y casos<\/a><a href=\"https:\/\/ocw.unileon.es\/fotovoltaica-biomasa-y-cogeneracion\/wp-content\/uploads\/sites\/50\/2019\/03\/4.-Ejercicios-proyectos-y-casos.pdf\" class=\"wp-block-file__button\" download><\/a><\/div>\n\n\n\n<p>Aplicaci\u00f3n<\/p>\n<p>El emplazamiento modelado es un supuesto hospital localizado en la ciudad de Palmdale (California), con una superficie total de 30 000 m<sup>2<\/sup> y 150 camas.<\/p>\n<p>&nbsp;<\/p>\n<p>Tarifa el\u00e9ctrica<\/p>\n<p>Como todo hospital, este supuesto hospital localizado en la ciudad de Palmdale (California) requiere tener una energ\u00eda de respaldo fiable con el objeto de proteger la vida y la seguridad de sus pacientes en el supuesto de que exista un corte del suministro el\u00e9ctrico. Para ello, se supondr\u00e1 que el hospital dispone de una soluci\u00f3n que incorpora tres grupos di\u00e9sel de 400 kW cada uno de ellos trabajando en paralelo.<\/p>\n<p>Debido a que cada generador di\u00e9sel tiene la posibilidad de trabajar en paralelo, existe una redundancia en el sistema, lo cual hace m\u00e1s sencillo conseguir una redundancia n +1 o superior en el mismo simplemente a\u00f1adiendo generadores modulares de la potencia adecuada. Atendiendo a [27] la carga media se ha supuesto ser aproximadamente de 525 kW, variando desde un m\u00ednimo de 420 kW a un m\u00e1ximo de 875 kW en verano. El consumo energ\u00e9tico total anual es de 4 900 000 kWh [27-29]. Teniendo en cuenta a [27-29] se ha asumido que la carga cr\u00edtica es asimilable a una demanda plana de 550 kW. Como consecuencia a los valores de estas cargas, esos 1200 kW de potencia nominal son capaces de proporcionar una redundancia cercana a n+2 para conseguir incluso mayores niveles de fiabilidad, lo cual es especialmente importante para instalaciones hospitalarias.<\/p>\n<p>El emplazamiento est\u00e1 en un mercado no regulado, siendo en este caso la distribuidora la <em>Southern California Edison<\/em> [a trav\u00e9s de la tarifa TOU-8 CPP (2 kV-50kV)] [30]. Se ha supuesto que, para el a\u00f1o 2018, los costes de relativos a la electricidad ascendieron a $ 875 000. Alguna informaci\u00f3n relativa a esta tarifa se puede encontrar en [31].<\/p>\n<p>&nbsp;<\/p>\n<p>Bibliograf\u00eda<\/p>\n<p>[27] Conejo J, Rainey T. Natural Disasters, Hospitals and Emergency Generators: A natural progression to complete energy resiliency. Albany: EYP Inc.; 2017.<\/p>\n<p>[28] Gaeta Hern\u00e1ndez AC. Reducing healthcare\u2019s climate footprint: Opportunities for European hospitals &amp; health systems. Brussels: HCWH EUROPE; 2016.<\/p>\n<p>[29] Ministry for Energy and Health. An energy roadmap &#8211; Towards achieving decarbonization for the Maltese islands analysis for a cost-effective and efficient heating and cooling. Malta: Ministry for Energy and Health; 2015.<\/p>\n<p>[30] Southern California Edison. Rate Schedule TOU-8, https:\/\/www.sce.com\/NR\/rdonlyres\/4393B684-6D2A-49F0-8359-85DC4CD1D679\/0\/091022_TOU8_Fact_Sh&#8230; [accessed 25 May 2018].<\/p>\n<p>[31] OpenEI. Basic information, <a href=\"https:\/\/openei.org\/apps\/IURDB\/rate\/view\/56bbe096682bea7fa5c3145d#1__Basic_Information\">https:\/\/openei.org\/apps\/IURDB\/rate\/view\/56bbe096682bea7fa5c3145d#1__Basic_Information<\/a> [accessed 25 May 2018].<\/p>\n<p>&nbsp;<\/p>\n<p>&nbsp;<\/p>\n<p>&nbsp;<\/p>\n","protected":false},"excerpt":{"rendered":"<p>Aplicaci\u00f3n El emplazamiento modelado es un supuesto hospital localizado en la ciudad de Palmdale (California), con una superficie total de 30 000 m2 y 150 camas. &nbsp; Tarifa el\u00e9ctrica Como todo hospital, este supuesto hospital localizado en la ciudad de Palmdale (California) requiere tener una energ\u00eda de respaldo fiable con el objeto de proteger la [&hellip;]<\/p>\n","protected":false},"author":53,"featured_media":0,"parent":0,"menu_order":0,"comment_status":"closed","ping_status":"closed","template":"","meta":{"footnotes":""},"class_list":["post-12","page","type-page","status-publish","hentry"],"_links":{"self":[{"href":"https:\/\/ocw.unileon.es\/fotovoltaica-biomasa-y-cogeneracion\/wp-json\/wp\/v2\/pages\/12","targetHints":{"allow":["GET"]}}],"collection":[{"href":"https:\/\/ocw.unileon.es\/fotovoltaica-biomasa-y-cogeneracion\/wp-json\/wp\/v2\/pages"}],"about":[{"href":"https:\/\/ocw.unileon.es\/fotovoltaica-biomasa-y-cogeneracion\/wp-json\/wp\/v2\/types\/page"}],"author":[{"embeddable":true,"href":"https:\/\/ocw.unileon.es\/fotovoltaica-biomasa-y-cogeneracion\/wp-json\/wp\/v2\/users\/53"}],"replies":[{"embeddable":true,"href":"https:\/\/ocw.unileon.es\/fotovoltaica-biomasa-y-cogeneracion\/wp-json\/wp\/v2\/comments?post=12"}],"version-history":[{"count":5,"href":"https:\/\/ocw.unileon.es\/fotovoltaica-biomasa-y-cogeneracion\/wp-json\/wp\/v2\/pages\/12\/revisions"}],"predecessor-version":[{"id":81,"href":"https:\/\/ocw.unileon.es\/fotovoltaica-biomasa-y-cogeneracion\/wp-json\/wp\/v2\/pages\/12\/revisions\/81"}],"wp:attachment":[{"href":"https:\/\/ocw.unileon.es\/fotovoltaica-biomasa-y-cogeneracion\/wp-json\/wp\/v2\/media?parent=12"}],"curies":[{"name":"wp","href":"https:\/\/api.w.org\/{rel}","templated":true}]}}