{"id":8,"date":"2013-02-04T11:35:22","date_gmt":"2013-02-04T11:35:22","guid":{"rendered":"https:\/\/ocw.unileon.es\/asignatura\/?page_id=5"},"modified":"2019-03-25T13:44:12","modified_gmt":"2019-03-25T12:44:12","slug":"presentacion","status":"publish","type":"page","link":"https:\/\/ocw.unileon.es\/fotovoltaica-biomasa-y-cogeneracion\/","title":{"rendered":"Presentaci\u00f3n"},"content":{"rendered":"\n<p>Uno de los mayores problemas a los que se enfrentan las sociedades modernas no es otro que el de hacer eficiente la utilizaci\u00f3n de recursos energ\u00e9ticos de origen renovable y el promover otras tecnolog\u00edas que, principalmente en el \u00e1mbito industrial, produzcan un ahorro desde el punto de vista de la energ\u00eda primaria utilizada. La asignatura Fotovoltaica, Biomasa y Cogeneraci\u00f3n examina los aspectos tecnol\u00f3gicos y econ\u00f3micos necesarios para hacer frente a la antedicha problem\u00e1tica mediante la utilizaci\u00f3n de energ\u00eda solar fotovoltaica, energ\u00eda de la biomasa y cogeneraci\u00f3n. A trav\u00e9s de una contextualizaci\u00f3n previa de sus impactos ambientales, econ\u00f3micos y sus perspectivas de crecimiento, en la asignatura Fotovoltaica, Biomasa y Cogeneraci\u00f3n se tratar\u00e1n igualmente los principios f\u00edsicos y tecnol\u00f3gicos que subyacen detr\u00e1s de estas tecnolog\u00edas.<\/p>\n","protected":false},"excerpt":{"rendered":"<p>Uno de los mayores problemas a los que se enfrentan las sociedades modernas no es otro que el de hacer eficiente la utilizaci\u00f3n de recursos energ\u00e9ticos de origen renovable y el promover otras tecnolog\u00edas que, principalmente en el \u00e1mbito industrial, produzcan un ahorro desde el punto de vista de la energ\u00eda primaria utilizada. La asignatura [&hellip;]<\/p>\n","protected":false},"author":53,"featured_media":0,"parent":0,"menu_order":0,"comment_status":"closed","ping_status":"closed","template":"","meta":{"footnotes":""},"class_list":["post-8","page","type-page","status-publish","hentry"],"_links":{"self":[{"href":"https:\/\/ocw.unileon.es\/fotovoltaica-biomasa-y-cogeneracion\/wp-json\/wp\/v2\/pages\/8","targetHints":{"allow":["GET"]}}],"collection":[{"href":"https:\/\/ocw.unileon.es\/fotovoltaica-biomasa-y-cogeneracion\/wp-json\/wp\/v2\/pages"}],"about":[{"href":"https:\/\/ocw.unileon.es\/fotovoltaica-biomasa-y-cogeneracion\/wp-json\/wp\/v2\/types\/page"}],"author":[{"embeddable":true,"href":"https:\/\/ocw.unileon.es\/fotovoltaica-biomasa-y-cogeneracion\/wp-json\/wp\/v2\/users\/53"}],"replies":[{"embeddable":true,"href":"https:\/\/ocw.unileon.es\/fotovoltaica-biomasa-y-cogeneracion\/wp-json\/wp\/v2\/comments?post=8"}],"version-history":[{"count":1,"href":"https:\/\/ocw.unileon.es\/fotovoltaica-biomasa-y-cogeneracion\/wp-json\/wp\/v2\/pages\/8\/revisions"}],"predecessor-version":[{"id":30,"href":"https:\/\/ocw.unileon.es\/fotovoltaica-biomasa-y-cogeneracion\/wp-json\/wp\/v2\/pages\/8\/revisions\/30"}],"wp:attachment":[{"href":"https:\/\/ocw.unileon.es\/fotovoltaica-biomasa-y-cogeneracion\/wp-json\/wp\/v2\/media?parent=8"}],"curies":[{"name":"wp","href":"https:\/\/api.w.org\/{rel}","templated":true}]}}