{"id":11,"date":"2013-02-04T11:36:12","date_gmt":"2013-02-04T11:36:12","guid":{"rendered":"https:\/\/ocw.unileon.es\/asignatura\/?page_id=11"},"modified":"2016-02-10T17:23:46","modified_gmt":"2016-02-10T17:23:46","slug":"practicas","status":"publish","type":"page","link":"https:\/\/ocw.unileon.es\/inmigrantes-minorias-etnicas-y-educacion-intercultural\/practicas\/","title":{"rendered":"Pr\u00e1cticas"},"content":{"rendered":"<p style=\"text-align: justify;\"><strong>Objetivo<\/strong>:\u00a0elaborar materiales, recursos, actividades y propuestas en cada materia que sean coherentes con el enfoque propuesto.<\/p>\r\n<p style=\"text-align: justify;\">Tienes que asumir un \u00e1rea curricular, dise\u00f1ando el material docente de esta \u00e1rea que integre la educaci\u00f3n intercultural en la pr\u00e1ctica docente cotidiana del centro: en los contenidos, en la metodolog\u00eda, en el tipo de actividades, etc.<\/p>\r\n\r\n<h3><a name=\"_Toc439672822\"><\/a>Tareas<\/h3>\r\n<p style=\"text-align: justify;\">Una vez elegida las \u00e1reas o materias en las que vas a trabajar (al menos dos), tienes que elaborar el\u00a0<strong>material pertinente para dichas \u00e1reas<\/strong>, en torno a los siguientes aspectos:<\/p>\r\n\r\n<ol>\r\n\t<li style=\"text-align: justify;\"><strong>Revisi\u00f3n de dos libros de texto de distintas editoriales (uno de cada materia)<\/strong>: Elaborar un informe o una ficha en el que explique, con ejemplos extra\u00eddos de esos libros de texto, los siguientes aspectos:\r\n<ol style=\"text-align: justify;\">\r\n\t<li>C\u00f3mo los contenidos del libro de texto descartan datos sobre puntos de vista impopulares, as\u00ed como la informaci\u00f3n producida por grupos marginados o sometidos.<\/li>\r\n\t<li>C\u00f3mo algunos de esos contenidos sientan las bases del racismo, del sexismo y del clasismo.<\/li>\r\n<\/ol>\r\n<\/li>\r\n\t<li style=\"text-align: justify;\"><strong>Reelaboraci\u00f3n de contenidos<\/strong>: Elaborar un dossier con la reelaboraci\u00f3n de algunos contenidos, especialmente significativos, de cada \u00e1rea o materia que, a modo de ejemplo, introduzcan otras perspectivas en torno a los siguientes aspectos:\r\n<ol style=\"text-align: justify;\">\r\n\t<li>Apreciar que en la mayor\u00eda de las cuestiones y temas planteados en los libros de texto hay m\u00faltiples perspectivas, que no siempre se recogen.<\/li>\r\n\t<li><em>Integrar contenidos no reflejados en el discurso dominante<\/em>, es decir, que provienen de grupos marginados u olvidados: utilizar contenidos, ejemplos, formas de pensar de diversas culturas y grupos para ilustrar conceptos, principios, generalizaciones y teor\u00edas dentro de una materia o \u00e1rea. Incorporar referencias culturales externas al discurso dominante como \u00bfqu\u00e9 estaba ocurriendo mientras tanto al otro lado del mundo?, \u00bfc\u00f3mo piensan en otros lugares acerca de este problema?, \u00bfde qu\u00e9 manera resolv\u00edan o resuelven esta cuesti\u00f3n (matem\u00e1tica, f\u00edsica, ling\u00fc\u00edstica) en determinada cultura?<\/li>\r\n\t<li><em>Proceso de construcci\u00f3n del conocimiento<\/em>: introducir contenidos o actividades que ayuden al alumnado a investigar y comprender c\u00f3mo las concepciones culturales impl\u00edcitas, las perspectivas te\u00f3ricas y los prejuicios dentro de una disciplina, influencian la manera en que el conocimiento se construye. Es decir, se trata de que el alumnado se d\u00e9 cuenta de que los contenidos que se ofrecen en las disciplinas no son verdades cerradas y acceder a su cr\u00edtica y a su tratamiento hist\u00f3rico y cultural.<\/li>\r\n<\/ol>\r\n<\/li>\r\n\t<li style=\"text-align: justify;\"><strong>Metodolog\u00eda docente igualitaria<\/strong>: Presentar una propuesta metodol\u00f3gica para desarrollar los contenidos de las dos materias o \u00e1reas de las que sea responsable, de tal forma que responda, al menos, a estos dos criterios:\r\n<ol style=\"text-align: justify;\">\r\n\t<li>Que dicha propuesta metodol\u00f3gica facilite y potencie la participaci\u00f3n de todo el alumnado, permitiendo adaptarse a las diferencias de ritmos, estilos e intereses de aprendizaje de cada uno de los alumnos y las alumnas.<\/li>\r\n\t<li>Que dicha propuesta metodol\u00f3gica facilite \u201cacciones afirmativas\u201d que faciliten el \u00e9xito acad\u00e9mico de los estudiantes de diversos grupos \u00e9tnicos, culturales o sexuales.<\/li>\r\n<\/ol>\r\n<\/li>\r\n\t<li style=\"text-align: justify;\"><strong>Producci\u00f3n de actividades<\/strong>: Presentar un cat\u00e1logo o colecci\u00f3n de actividades, correspondientes a los contenidos anteriormente analizados, que tengan en cuenta, al menos, los siguientes aspectos:\r\n<ol>\r\n\t<li style=\"text-align: justify;\">Que indaguen las perspectivas y aportaciones de grupos marginados u olvidados<\/li>\r\n\t<li style=\"text-align: justify;\">Que sopesen las perspectivas y aportaciones de culturas y formas de ver diferentes<\/li>\r\n\t<li style=\"text-align: justify;\">Que contrasten los enfoques o perspectivas conflictivas que ha habido a lo largo de la historia sobre determinados contenidos o temas<\/li>\r\n\t<li style=\"text-align: justify;\">Que exijan un an\u00e1lisis cr\u00edtico de los propios contenidos hegem\u00f3nicos y de la ideolog\u00eda que sustentan y los intereses a los que sirven<\/li>\r\n\t<li style=\"text-align: justify;\">Que les ayuden a contrastar la informaci\u00f3n de los contenidos \u00abhabituales\u00bb con otras fuentes de informaci\u00f3n m\u00e1s cr\u00edticas y alternativas<\/li>\r\n<\/ol>\r\n<\/li>\r\n<\/ol>\r\n<h3><a name=\"_Toc439672823\"><\/a>Proceso<\/h3>\r\nPara ello tienes que seguir el siguiente proceso:\r\n<ol>\r\n\t<li style=\"text-align: justify;\">En primer lugar, <strong>asumir dos materias o \u00e1reas<\/strong>. Las \u00e1reas podr\u00edan ser las siguientes u otras que correspondan al nivel educativo en el que impart\u00eds docencia:\r\n<ul>\r\n\t<li style=\"text-align: justify;\">Lengua y Literatura<\/li>\r\n\t<li style=\"text-align: justify;\">Lengua extranjera<\/li>\r\n\t<li style=\"text-align: justify;\">Ciencias de la Naturaleza<\/li>\r\n\t<li style=\"text-align: justify;\">Ciencias Sociales<\/li>\r\n\t<li style=\"text-align: justify;\">Educaci\u00f3n F\u00edsica<\/li>\r\n\t<li style=\"text-align: justify;\">Educaci\u00f3n Pl\u00e1stica y Visual<\/li>\r\n\t<li style=\"text-align: justify;\">Educaci\u00f3n Musical<\/li>\r\n\t<li style=\"text-align: justify;\">Matem\u00e1ticas<\/li>\r\n<\/ul>\r\n<\/li>\r\n<\/ol>\r\n<ul>\r\n\t<li style=\"text-align: justify;\">Buscad uno o varios libros de texto de diferentes niveles educativos (puede ser del nivel que quer\u00e1is o teng\u00e1is m\u00e1s \u00aba mano\u00bb), vuestros de a\u00f1os anteriores, de vuestros hermanos o hermanas o de vuestros amigos y amigas.<\/li>\r\n\t<li style=\"text-align: justify;\">Elegid alg\u00fan tema de cada libro en el que centrar\u00e9is el an\u00e1lisis de sus contenidos y de las actividades que propone.<\/li>\r\n\t<li style=\"text-align: justify;\">Analizad detenidamente los contenidos de esos temas.<\/li>\r\n\t<li style=\"text-align: justify;\">Contrastad el an\u00e1lisis que hab\u00e9is hecho con la informaci\u00f3n y los ejemplos que se os ofrece a trav\u00e9s del apartado\u00a0<a href=\"#_Recursos\">recursos<\/a>.<\/li>\r\n\t<li style=\"text-align: justify;\">Proponed una metodolog\u00eda de trabajo para desarrollar esos contenidos<\/li>\r\n\t<li style=\"text-align: justify;\">Dise\u00f1ad actividades de trabajo con el alumnado para que comprendan y profundicen esos contenidos.<\/li>\r\n<\/ul>\r\n<h3>\u00a0<a name=\"_Toc439672824\"><\/a>Recursos<\/h3>\r\n<table width=\"656\">\r\n<tbody>\r\n<tr>\r\n<td width=\"155\"><strong>Recursos\u00a0<\/strong><\/td>\r\n<td width=\"469\">\r\n<ol>\r\n\t<li><a href=\"http:\/\/www.escuelalibre.org\/\">En tierra extra\u00f1a (educaci\u00f3n antirracista): AULA ABIERTA<\/a><\/li>\r\n\t<li><a href=\"http:\/\/www.indexnet.santillana.es\/rcs2\/actualidad\/37\/inmigrantes_i.htm\">Inmigraci\u00f3n en Espa\u00f1a<\/a><\/li>\r\n\t<li><a href=\"http:\/\/clic.xtec.net\/db\/act_es.jsp?id=1461\">Educar para la solidaridad (Clic)<\/a><\/li>\r\n\t<li><a href=\"http:\/\/clic.xtec.net\/db\/act_es.jsp?id=1468\">Historia del pueblo gitano (Clic)<\/a><\/li>\r\n\t<li><a href=\"http:\/\/www.aulaintercultural.org\/article.php3?id_article=872\">Gu\u00eda did\u00e1ctica del Portfolio europeo de las lenguas para Ense\u00f1anza Secundaria<\/a><\/li>\r\n\t<li><a href=\"http:\/\/clic.xtec.net\/db\/act_es.jsp?id=1453\">Cuento para la tolerancia (Clic)<\/a><\/li>\r\n\t<li><a href=\"http:\/\/clic.xtec.net\/db\/act_es.jsp?id=1486\">Educaci\u00f3n para la solidaridad (Clic)<\/a><\/li>\r\n\t<li><a href=\"http:\/\/www.uhu.es\/cine.educacion\/cineyeducacion\/index.htm\">Cine y educaci\u00f3n<\/a><\/li>\r\n\t<li><a href=\"http:\/\/www.edualter.org\/material\/intcine\/indexe.htm\">La interculturalidad a trav\u00e9s de los medios audiovisuales<\/a><\/li>\r\n\t<li><a href=\"http:\/\/personal.telefonica.terra.es\/web\/intercul\/index.htm\">Unidad did\u00e1ctica Intercultural de Educaci\u00f3n Pl\u00e1stica y Visual<\/a><\/li>\r\n\t<li><a href=\"http:\/\/www.educarm.es\/alkaragi\/inicio.htm\">Matem\u00e1ticas interactivas para alumnado migrante en la E.S.O.<\/a><\/li>\r\n<\/ol>\r\n<\/td>\r\n<\/tr>\r\n<\/tbody>\r\n<\/table>","protected":false},"excerpt":{"rendered":"<p>Objetivo:\u00a0elaborar materiales, recursos, actividades y propuestas en cada materia que sean coherentes con el enfoque propuesto. Tienes que asumir un \u00e1rea curricular, dise\u00f1ando el material docente de esta \u00e1rea que integre la educaci\u00f3n intercultural en la pr\u00e1ctica docente cotidiana del centro: en los contenidos, en la metodolog\u00eda, en el tipo de actividades, etc. Tareas Una [&hellip;]<\/p>\n","protected":false},"author":29,"featured_media":0,"parent":0,"menu_order":0,"comment_status":"closed","ping_status":"closed","template":"","meta":{"footnotes":""},"class_list":["post-11","page","type-page","status-publish","hentry"],"_links":{"self":[{"href":"https:\/\/ocw.unileon.es\/inmigrantes-minorias-etnicas-y-educacion-intercultural\/wp-json\/wp\/v2\/pages\/11","targetHints":{"allow":["GET"]}}],"collection":[{"href":"https:\/\/ocw.unileon.es\/inmigrantes-minorias-etnicas-y-educacion-intercultural\/wp-json\/wp\/v2\/pages"}],"about":[{"href":"https:\/\/ocw.unileon.es\/inmigrantes-minorias-etnicas-y-educacion-intercultural\/wp-json\/wp\/v2\/types\/page"}],"author":[{"embeddable":true,"href":"https:\/\/ocw.unileon.es\/inmigrantes-minorias-etnicas-y-educacion-intercultural\/wp-json\/wp\/v2\/users\/29"}],"replies":[{"embeddable":true,"href":"https:\/\/ocw.unileon.es\/inmigrantes-minorias-etnicas-y-educacion-intercultural\/wp-json\/wp\/v2\/comments?post=11"}],"version-history":[{"count":2,"href":"https:\/\/ocw.unileon.es\/inmigrantes-minorias-etnicas-y-educacion-intercultural\/wp-json\/wp\/v2\/pages\/11\/revisions"}],"predecessor-version":[{"id":37,"href":"https:\/\/ocw.unileon.es\/inmigrantes-minorias-etnicas-y-educacion-intercultural\/wp-json\/wp\/v2\/pages\/11\/revisions\/37"}],"wp:attachment":[{"href":"https:\/\/ocw.unileon.es\/inmigrantes-minorias-etnicas-y-educacion-intercultural\/wp-json\/wp\/v2\/media?parent=11"}],"curies":[{"name":"wp","href":"https:\/\/api.w.org\/{rel}","templated":true}]}}

Prácticas

<p style="text-align: justify;"><strong>Objetivo</strong>: elaborar materiales, recursos, actividades y propuestas en cada materia que sean coherentes con el enfoque propuesto.</p>
<p style="text-align: justify;">Tienes que asumir un área curricular, diseñando el material docente de esta área que integre la educación intercultural en la práctica docente cotidiana del centro: en los contenidos, en la metodología, en el tipo de actividades, etc.</p>

<h3><a name="_Toc439672822"></a>Tareas</h3>
<p style="text-align: justify;">Una vez elegida las áreas o materias en las que vas a trabajar (al menos dos), tienes que elaborar el <strong>material pertinente para dichas áreas</strong>, en torno a los siguientes aspectos:</p>

<ol>
	<li style="text-align: justify;"><strong>Revisión de dos libros de texto de distintas editoriales (uno de cada materia)</strong>: Elaborar un informe o una ficha en el que explique, con ejemplos extraídos de esos libros de texto, los siguientes aspectos:
<ol style="text-align: justify;">
	<li>Cómo los contenidos del libro de texto descartan datos sobre puntos de vista impopulares, así como la información producida por grupos marginados o sometidos.</li>
	<li>Cómo algunos de esos contenidos sientan las bases del racismo, del sexismo y del clasismo.</li>
</ol>
</li>
	<li style="text-align: justify;"><strong>Reelaboración de contenidos</strong>: Elaborar un dossier con la reelaboración de algunos contenidos, especialmente significativos, de cada área o materia que, a modo de ejemplo, introduzcan otras perspectivas en torno a los siguientes aspectos:
<ol style="text-align: justify;">
	<li>Apreciar que en la mayoría de las cuestiones y temas planteados en los libros de texto hay múltiples perspectivas, que no siempre se recogen.</li>
	<li><em>Integrar contenidos no reflejados en el discurso dominante</em>, es decir, que provienen de grupos marginados u olvidados: utilizar contenidos, ejemplos, formas de pensar de diversas culturas y grupos para ilustrar conceptos, principios, generalizaciones y teorías dentro de una materia o área. Incorporar referencias culturales externas al discurso dominante como ¿qué estaba ocurriendo mientras tanto al otro lado del mundo?, ¿cómo piensan en otros lugares acerca de este problema?, ¿de qué manera resolvían o resuelven esta cuestión (matemática, física, lingüística) en determinada cultura?</li>
	<li><em>Proceso de construcción del conocimiento</em>: introducir contenidos o actividades que ayuden al alumnado a investigar y comprender cómo las concepciones culturales implícitas, las perspectivas teóricas y los prejuicios dentro de una disciplina, influencian la manera en que el conocimiento se construye. Es decir, se trata de que el alumnado se dé cuenta de que los contenidos que se ofrecen en las disciplinas no son verdades cerradas y acceder a su crítica y a su tratamiento histórico y cultural.</li>
</ol>
</li>
	<li style="text-align: justify;"><strong>Metodología docente igualitaria</strong>: Presentar una propuesta metodológica para desarrollar los contenidos de las dos materias o áreas de las que sea responsable, de tal forma que responda, al menos, a estos dos criterios:
<ol style="text-align: justify;">
	<li>Que dicha propuesta metodológica facilite y potencie la participación de todo el alumnado, permitiendo adaptarse a las diferencias de ritmos, estilos e intereses de aprendizaje de cada uno de los alumnos y las alumnas.</li>
	<li>Que dicha propuesta metodológica facilite “acciones afirmativas” que faciliten el éxito académico de los estudiantes de diversos grupos étnicos, culturales o sexuales.</li>
</ol>
</li>
	<li style="text-align: justify;"><strong>Producción de actividades</strong>: Presentar un catálogo o colección de actividades, correspondientes a los contenidos anteriormente analizados, que tengan en cuenta, al menos, los siguientes aspectos:
<ol>
	<li style="text-align: justify;">Que indaguen las perspectivas y aportaciones de grupos marginados u olvidados</li>
	<li style="text-align: justify;">Que sopesen las perspectivas y aportaciones de culturas y formas de ver diferentes</li>
	<li style="text-align: justify;">Que contrasten los enfoques o perspectivas conflictivas que ha habido a lo largo de la historia sobre determinados contenidos o temas</li>
	<li style="text-align: justify;">Que exijan un análisis crítico de los propios contenidos hegemónicos y de la ideología que sustentan y los intereses a los que sirven</li>
	<li style="text-align: justify;">Que les ayuden a contrastar la información de los contenidos «habituales» con otras fuentes de información más críticas y alternativas</li>
</ol>
</li>
</ol>
<h3><a name="_Toc439672823"></a>Proceso</h3>
Para ello tienes que seguir el siguiente proceso:
<ol>
	<li style="text-align: justify;">En primer lugar, <strong>asumir dos materias o áreas</strong>. Las áreas podrían ser las siguientes u otras que correspondan al nivel educativo en el que impartís docencia:
<ul>
	<li style="text-align: justify;">Lengua y Literatura</li>
	<li style="text-align: justify;">Lengua extranjera</li>
	<li style="text-align: justify;">Ciencias de la Naturaleza</li>
	<li style="text-align: justify;">Ciencias Sociales</li>
	<li style="text-align: justify;">Educación Física</li>
	<li style="text-align: justify;">Educación Plástica y Visual</li>
	<li style="text-align: justify;">Educación Musical</li>
	<li style="text-align: justify;">Matemáticas</li>
</ul>
</li>
</ol>
<ul>
	<li style="text-align: justify;">Buscad uno o varios libros de texto de diferentes niveles educativos (puede ser del nivel que queráis o tengáis más «a mano»), vuestros de años anteriores, de vuestros hermanos o hermanas o de vuestros amigos y amigas.</li>
	<li style="text-align: justify;">Elegid algún tema de cada libro en el que centraréis el análisis de sus contenidos y de las actividades que propone.</li>
	<li style="text-align: justify;">Analizad detenidamente los contenidos de esos temas.</li>
	<li style="text-align: justify;">Contrastad el análisis que habéis hecho con la información y los ejemplos que se os ofrece a través del apartado <a href="#_Recursos">recursos</a>.</li>
	<li style="text-align: justify;">Proponed una metodología de trabajo para desarrollar esos contenidos</li>
	<li style="text-align: justify;">Diseñad actividades de trabajo con el alumnado para que comprendan y profundicen esos contenidos.</li>
</ul>
<h3> <a name="_Toc439672824"></a>Recursos</h3>
<table width="656">
<tbody>
<tr>
<td width="155"><strong>Recursos </strong></td>
<td width="469">
<ol>
	<li><a href="http://www.escuelalibre.org/">En tierra extraña (educación antirracista): AULA ABIERTA</a></li>
	<li><a href="http://www.indexnet.santillana.es/rcs2/actualidad/37/inmigrantes_i.htm">Inmigración en España</a></li>
	<li><a href="http://clic.xtec.net/db/act_es.jsp?id=1461">Educar para la solidaridad (Clic)</a></li>
	<li><a href="http://clic.xtec.net/db/act_es.jsp?id=1468">Historia del pueblo gitano (Clic)</a></li>
	<li><a href="http://www.aulaintercultural.org/article.php3?id_article=872">Guía didáctica del Portfolio europeo de las lenguas para Enseñanza Secundaria</a></li>
	<li><a href="http://clic.xtec.net/db/act_es.jsp?id=1453">Cuento para la tolerancia (Clic)</a></li>
	<li><a href="http://clic.xtec.net/db/act_es.jsp?id=1486">Educación para la solidaridad (Clic)</a></li>
	<li><a href="http://www.uhu.es/cine.educacion/cineyeducacion/index.htm">Cine y educación</a></li>
	<li><a href="http://www.edualter.org/material/intcine/indexe.htm">La interculturalidad a través de los medios audiovisuales</a></li>
	<li><a href="http://personal.telefonica.terra.es/web/intercul/index.htm">Unidad didáctica Intercultural de Educación Plástica y Visual</a></li>
	<li><a href="http://www.educarm.es/alkaragi/inicio.htm">Matemáticas interactivas para alumnado migrante en la E.S.O.</a></li>
</ol>
</td>
</tr>
</tbody>
</table>

<p>Objetivo: elaborar materiales, recursos, actividades y propuestas en cada materia que sean coherentes con el enfoque propuesto. Tienes que asumir un área curricular, diseñando el material docente de esta área que integre la educación intercultural en la práctica docente cotidiana del centro: en los contenidos, en la metodología, en el tipo de actividades, etc. Tareas Una [&hellip;]</p>
