{"id":12,"date":"2013-02-04T11:36:19","date_gmt":"2013-02-04T11:36:19","guid":{"rendered":"https:\/\/ocw.unileon.es\/asignatura\/?page_id=12"},"modified":"2016-02-10T17:27:23","modified_gmt":"2016-02-10T17:27:23","slug":"pruebas-de-evaluacion","status":"publish","type":"page","link":"https:\/\/ocw.unileon.es\/inmigrantes-minorias-etnicas-y-educacion-intercultural\/pruebas-de-evaluacion\/","title":{"rendered":"Pruebas de evaluaci\u00f3n"},"content":{"rendered":"<a href=\"https:\/\/ocw.unileon.es\/inmigrantes-minorias-etnicas-y-educacion-intercultural\/wp-content\/uploads\/sites\/31\/2013\/02\/11.jpg\" rel=\"attachment wp-att-38\"><img loading=\"lazy\" decoding=\"async\" class=\"wp-image-38 aligncenter\" src=\"https:\/\/ocw.unileon.es\/inmigrantes-minorias-etnicas-y-educacion-intercultural\/wp-content\/uploads\/sites\/31\/2013\/02\/11.jpg\" alt=\"11\" width=\"605\" height=\"563\" srcset=\"https:\/\/ocw.unileon.es\/inmigrantes-minorias-etnicas-y-educacion-intercultural\/wp-content\/uploads\/sites\/31\/2013\/02\/11.jpg 805w, https:\/\/ocw.unileon.es\/inmigrantes-minorias-etnicas-y-educacion-intercultural\/wp-content\/uploads\/sites\/31\/2013\/02\/11-300x279.jpg 300w, https:\/\/ocw.unileon.es\/inmigrantes-minorias-etnicas-y-educacion-intercultural\/wp-content\/uploads\/sites\/31\/2013\/02\/11-768x715.jpg 768w\" sizes=\"auto, (max-width: 605px) 100vw, 605px\" \/><\/a>\r\n\r\n<a name=\"_Toc436510757\"><\/a><strong>Complete el siguiente texto cloz\u00e9:<\/strong>\r\n<p style=\"text-align: justify;\">La investigaci\u00f3n de Sebasti\u00e1n Granda demuestra que la realidad ecuatoriana est\u00e1 ___________________ y ___________________ en los manuales y los blancos-mestizos se presentan como el __________________ de modernidad; los habitantes de la Sierra evidencian un _____________ _____________________; los del Oriente y la Costa son mostrados como evidencias del __________________ y los afroecuatorianos son ___________________ en los textos. Todo ello en un juego de oposiciones duales, reiterado desde los tiempos de la colonia: Modernos vs. _________________, Civilizados vs. ________________, Ricos vs. _________________ y Urbanos vs. ______________.<\/p>\r\n&nbsp;","protected":false},"excerpt":{"rendered":"<p>Complete el siguiente texto cloz\u00e9: La investigaci\u00f3n de Sebasti\u00e1n Granda demuestra que la realidad ecuatoriana est\u00e1 ___________________ y ___________________ en los manuales y los blancos-mestizos se presentan como el __________________ de modernidad; los habitantes de la Sierra evidencian un _____________ _____________________; los del Oriente y la Costa son mostrados como evidencias del __________________ y los [&hellip;]<\/p>\n","protected":false},"author":29,"featured_media":0,"parent":0,"menu_order":0,"comment_status":"closed","ping_status":"open","template":"","meta":{"footnotes":""},"class_list":["post-12","page","type-page","status-publish","hentry"],"_links":{"self":[{"href":"https:\/\/ocw.unileon.es\/inmigrantes-minorias-etnicas-y-educacion-intercultural\/wp-json\/wp\/v2\/pages\/12","targetHints":{"allow":["GET"]}}],"collection":[{"href":"https:\/\/ocw.unileon.es\/inmigrantes-minorias-etnicas-y-educacion-intercultural\/wp-json\/wp\/v2\/pages"}],"about":[{"href":"https:\/\/ocw.unileon.es\/inmigrantes-minorias-etnicas-y-educacion-intercultural\/wp-json\/wp\/v2\/types\/page"}],"author":[{"embeddable":true,"href":"https:\/\/ocw.unileon.es\/inmigrantes-minorias-etnicas-y-educacion-intercultural\/wp-json\/wp\/v2\/users\/29"}],"replies":[{"embeddable":true,"href":"https:\/\/ocw.unileon.es\/inmigrantes-minorias-etnicas-y-educacion-intercultural\/wp-json\/wp\/v2\/comments?post=12"}],"version-history":[{"count":2,"href":"https:\/\/ocw.unileon.es\/inmigrantes-minorias-etnicas-y-educacion-intercultural\/wp-json\/wp\/v2\/pages\/12\/revisions"}],"predecessor-version":[{"id":40,"href":"https:\/\/ocw.unileon.es\/inmigrantes-minorias-etnicas-y-educacion-intercultural\/wp-json\/wp\/v2\/pages\/12\/revisions\/40"}],"wp:attachment":[{"href":"https:\/\/ocw.unileon.es\/inmigrantes-minorias-etnicas-y-educacion-intercultural\/wp-json\/wp\/v2\/media?parent=12"}],"curies":[{"name":"wp","href":"https:\/\/api.w.org\/{rel}","templated":true}]}}

Pruebas de evaluación

<a href="https://ocw.unileon.es/inmigrantes-minorias-etnicas-y-educacion-intercultural/wp-content/uploads/sites/31/2013/02/11.jpg" rel="attachment wp-att-38"><img loading="lazy" decoding="async" class="wp-image-38 aligncenter" src="https://ocw.unileon.es/inmigrantes-minorias-etnicas-y-educacion-intercultural/wp-content/uploads/sites/31/2013/02/11.jpg" alt="11" width="605" height="563" srcset="https://ocw.unileon.es/inmigrantes-minorias-etnicas-y-educacion-intercultural/wp-content/uploads/sites/31/2013/02/11.jpg 805w, https://ocw.unileon.es/inmigrantes-minorias-etnicas-y-educacion-intercultural/wp-content/uploads/sites/31/2013/02/11-300x279.jpg 300w, https://ocw.unileon.es/inmigrantes-minorias-etnicas-y-educacion-intercultural/wp-content/uploads/sites/31/2013/02/11-768x715.jpg 768w" sizes="auto, (max-width: 605px) 100vw, 605px" /></a>

<a name="_Toc436510757"></a><strong>Complete el siguiente texto clozé:</strong>
<p style="text-align: justify;">La investigación de Sebastián Granda demuestra que la realidad ecuatoriana está ___________________ y ___________________ en los manuales y los blancos-mestizos se presentan como el __________________ de modernidad; los habitantes de la Sierra evidencian un _____________ _____________________; los del Oriente y la Costa son mostrados como evidencias del __________________ y los afroecuatorianos son ___________________ en los textos. Todo ello en un juego de oposiciones duales, reiterado desde los tiempos de la colonia: Modernos vs. _________________, Civilizados vs. ________________, Ricos vs. _________________ y Urbanos vs. ______________.</p>
&nbsp;

<p>Complete el siguiente texto clozé: La investigación de Sebastián Granda demuestra que la realidad ecuatoriana está ___________________ y ___________________ en los manuales y los blancos-mestizos se presentan como el __________________ de modernidad; los habitantes de la Sierra evidencian un _____________ _____________________; los del Oriente y la Costa son mostrados como evidencias del __________________ y los [&hellip;]</p>
