{"id":14,"date":"2013-02-04T11:36:32","date_gmt":"2013-02-04T11:36:32","guid":{"rendered":"https:\/\/ocw.unileon.es\/asignatura\/?page_id=14"},"modified":"2016-02-10T17:30:32","modified_gmt":"2016-02-10T17:30:32","slug":"autores-del-material","status":"publish","type":"page","link":"https:\/\/ocw.unileon.es\/inmigrantes-minorias-etnicas-y-educacion-intercultural\/autores-del-material\/","title":{"rendered":"Autores del material"},"content":{"rendered":"<p style=\"text-align: justify;\"><strong>Enrique Javier D\u00edez Guti\u00e9rrez<\/strong>. Profesor de Did\u00e1ctica y Organizaci\u00f3n Educativa de la Universidad de Le\u00f3n y Coordinador Nacional del <a title=\"Area Educaci\u00f3n IU\" href=\"http:\/\/www.izquierda-unida.es\/taxonomy\/term\/61\" target=\"_blank\">\u00c1rea de Educaci\u00f3n de Izquierda Unida<\/a>. Espa\u00f1a<\/p>","protected":false},"excerpt":{"rendered":"<p>Enrique Javier D\u00edez Guti\u00e9rrez. Profesor de Did\u00e1ctica y Organizaci\u00f3n Educativa de la Universidad de Le\u00f3n y Coordinador Nacional del \u00c1rea de Educaci\u00f3n de Izquierda Unida. Espa\u00f1a<\/p>\n","protected":false},"author":29,"featured_media":0,"parent":0,"menu_order":0,"comment_status":"closed","ping_status":"open","template":"","meta":{"footnotes":""},"class_list":["post-14","page","type-page","status-publish","hentry"],"_links":{"self":[{"href":"https:\/\/ocw.unileon.es\/inmigrantes-minorias-etnicas-y-educacion-intercultural\/wp-json\/wp\/v2\/pages\/14","targetHints":{"allow":["GET"]}}],"collection":[{"href":"https:\/\/ocw.unileon.es\/inmigrantes-minorias-etnicas-y-educacion-intercultural\/wp-json\/wp\/v2\/pages"}],"about":[{"href":"https:\/\/ocw.unileon.es\/inmigrantes-minorias-etnicas-y-educacion-intercultural\/wp-json\/wp\/v2\/types\/page"}],"author":[{"embeddable":true,"href":"https:\/\/ocw.unileon.es\/inmigrantes-minorias-etnicas-y-educacion-intercultural\/wp-json\/wp\/v2\/users\/29"}],"replies":[{"embeddable":true,"href":"https:\/\/ocw.unileon.es\/inmigrantes-minorias-etnicas-y-educacion-intercultural\/wp-json\/wp\/v2\/comments?post=14"}],"version-history":[{"count":1,"href":"https:\/\/ocw.unileon.es\/inmigrantes-minorias-etnicas-y-educacion-intercultural\/wp-json\/wp\/v2\/pages\/14\/revisions"}],"predecessor-version":[{"id":42,"href":"https:\/\/ocw.unileon.es\/inmigrantes-minorias-etnicas-y-educacion-intercultural\/wp-json\/wp\/v2\/pages\/14\/revisions\/42"}],"wp:attachment":[{"href":"https:\/\/ocw.unileon.es\/inmigrantes-minorias-etnicas-y-educacion-intercultural\/wp-json\/wp\/v2\/media?parent=14"}],"curies":[{"name":"wp","href":"https:\/\/api.w.org\/{rel}","templated":true}]}}

<p style="text-align: justify;"><strong>Enrique Javier Díez Gutiérrez</strong>. Profesor de Didáctica y Organización Educativa de la Universidad de León y Coordinador Nacional del <a title="Area Educación IU" href="http://www.izquierda-unida.es/taxonomy/term/61" target="_blank">Área de Educación de Izquierda Unida</a>. España</p>

<p>Enrique Javier Díez Gutiérrez. Profesor de Didáctica y Organización Educativa de la Universidad de León y Coordinador Nacional del Área de Educación de Izquierda Unida. España</p>
