{"id":9,"date":"2013-02-04T11:35:46","date_gmt":"2013-02-04T11:35:46","guid":{"rendered":"https:\/\/ocw.unileon.es\/asignatura\/?page_id=9"},"modified":"2016-02-10T17:05:02","modified_gmt":"2016-02-10T17:05:02","slug":"material-de-clase","status":"publish","type":"page","link":"https:\/\/ocw.unileon.es\/inmigrantes-minorias-etnicas-y-educacion-intercultural\/material-de-clase\/","title":{"rendered":"Material de clase"},"content":{"rendered":"Contenidos del curso desarrollados bajo los siguientes puntos:\r\n<ol>\r\n\t<li>La sociedad global en la que vivimos.<\/li>\r\n\t<li>Los enfoques tradicionales para abordar la interculturalidad en el \u00e1mbito educativo relacionado con la inmigraci\u00f3n y las minor\u00edas \u00e9tnicas.<\/li>\r\n\t<li>Estrategias y ejemplos concretos para afrontar el curr\u00edculum desde un enfoque intercultural.<\/li>\r\n\t<li>Propuestas metodol\u00f3gicas en educaci\u00f3n intercultural.<\/li>\r\n\t<li>Propuestas organizativas en educaci\u00f3n intercultural.<\/li>\r\n\t<li>Experiencias globales. Escuelas democr\u00e1ticas, escuelas aceleradoras y comunidades de aprendizaje.<\/li>\r\n\t<li>Vocabulario b\u00e1sico de consulta.<\/li>\r\n\t<li>Din\u00e1micas de trabajo.<\/li>\r\n\t<li>Estudio de caso.<\/li>\r\n<\/ol>\r\n<a href=\"http:\/\/hdl.handle.net\/10612\/4995\" target=\"_blank\">Contenidos desarrollados<\/a>","protected":false},"excerpt":{"rendered":"<p>Contenidos del curso desarrollados bajo los siguientes puntos: La sociedad global en la que vivimos. Los enfoques tradicionales para abordar la interculturalidad en el \u00e1mbito educativo relacionado con la inmigraci\u00f3n y las minor\u00edas \u00e9tnicas. Estrategias y ejemplos concretos para afrontar el curr\u00edculum desde un enfoque intercultural. Propuestas metodol\u00f3gicas en educaci\u00f3n intercultural. Propuestas organizativas en educaci\u00f3n [&hellip;]<\/p>\n","protected":false},"author":29,"featured_media":0,"parent":0,"menu_order":0,"comment_status":"closed","ping_status":"closed","template":"","meta":{"footnotes":""},"class_list":["post-9","page","type-page","status-publish","hentry"],"_links":{"self":[{"href":"https:\/\/ocw.unileon.es\/inmigrantes-minorias-etnicas-y-educacion-intercultural\/wp-json\/wp\/v2\/pages\/9","targetHints":{"allow":["GET"]}}],"collection":[{"href":"https:\/\/ocw.unileon.es\/inmigrantes-minorias-etnicas-y-educacion-intercultural\/wp-json\/wp\/v2\/pages"}],"about":[{"href":"https:\/\/ocw.unileon.es\/inmigrantes-minorias-etnicas-y-educacion-intercultural\/wp-json\/wp\/v2\/types\/page"}],"author":[{"embeddable":true,"href":"https:\/\/ocw.unileon.es\/inmigrantes-minorias-etnicas-y-educacion-intercultural\/wp-json\/wp\/v2\/users\/29"}],"replies":[{"embeddable":true,"href":"https:\/\/ocw.unileon.es\/inmigrantes-minorias-etnicas-y-educacion-intercultural\/wp-json\/wp\/v2\/comments?post=9"}],"version-history":[{"count":2,"href":"https:\/\/ocw.unileon.es\/inmigrantes-minorias-etnicas-y-educacion-intercultural\/wp-json\/wp\/v2\/pages\/9\/revisions"}],"predecessor-version":[{"id":32,"href":"https:\/\/ocw.unileon.es\/inmigrantes-minorias-etnicas-y-educacion-intercultural\/wp-json\/wp\/v2\/pages\/9\/revisions\/32"}],"wp:attachment":[{"href":"https:\/\/ocw.unileon.es\/inmigrantes-minorias-etnicas-y-educacion-intercultural\/wp-json\/wp\/v2\/media?parent=9"}],"curies":[{"name":"wp","href":"https:\/\/api.w.org\/{rel}","templated":true}]}}

Contenidos del curso desarrollados bajo los siguientes puntos:
<ol>
	<li>La sociedad global en la que vivimos.</li>
	<li>Los enfoques tradicionales para abordar la interculturalidad en el ámbito educativo relacionado con la inmigración y las minorías étnicas.</li>
	<li>Estrategias y ejemplos concretos para afrontar el currículum desde un enfoque intercultural.</li>
	<li>Propuestas metodológicas en educación intercultural.</li>
	<li>Propuestas organizativas en educación intercultural.</li>
	<li>Experiencias globales. Escuelas democráticas, escuelas aceleradoras y comunidades de aprendizaje.</li>
	<li>Vocabulario básico de consulta.</li>
	<li>Dinámicas de trabajo.</li>
	<li>Estudio de caso.</li>
</ol>
<a href="http://hdl.handle.net/10612/4995" target="_blank">Contenidos desarrollados</a>

<p>Contenidos del curso desarrollados bajo los siguientes puntos: La sociedad global en la que vivimos. Los enfoques tradicionales para abordar la interculturalidad en el ámbito educativo relacionado con la inmigración y las minorías étnicas. Estrategias y ejemplos concretos para afrontar el currículum desde un enfoque intercultural. Propuestas metodológicas en educación intercultural. Propuestas organizativas en educación [&hellip;]</p>
