{"id":8,"date":"2013-02-04T11:35:36","date_gmt":"2013-02-04T11:35:36","guid":{"rendered":"https:\/\/ocw.unileon.es\/asignatura\/?page_id=8"},"modified":"2016-06-15T11:18:36","modified_gmt":"2016-06-15T11:18:36","slug":"bibliografia","status":"publish","type":"page","link":"https:\/\/ocw.unileon.es\/mercados-financieros-internacionales\/bibliografia\/","title":{"rendered":"Bibliograf\u00eda"},"content":{"rendered":"<strong>BIBLIOGRAF\u00cdA RECOMENDADA<\/strong>\r\nANALISTAS FINANCIEROS INTERNACIONALES (2012): Gu\u00eda del Sistema Financiero Espa\u00f1ol.\r\nEdiciones Empresa Global. Biblioteca de Econom\u00eda y Finanzas. 6\u00aa edici\u00f3n.\r\nDIEZ DE CASTRO, L y MEDRANO, M\u00aa,L. (2007): Mercados Financieros Internacionales.\r\nServicio de Publicaciones de la Universidad Rey Juan Carlos, Madrid.\r\nGALLARDO OLMEDO, F. (2005): Crisis financieras y energ\u00e9ticas de \u00e1mbito internacional.Un an\u00e1lisis de las crisis del petr\u00f3leo. Edit. Thomson. Madrid.\r\nGARC\u00cdA OLALLA Y VARIOS (2014): Manual del Asesor Financiero, Editorial Paraninfo.\r\nMadrid.\r\nGARCIA DE LA CRUZ, J.M. y DURAN ROMERO, G. (2004): Sistema Econ\u00f3mico Mundial, Editorial Thomson, Madrid.\r\nGOMEZ MART\u00cdNEZ, R. (2014): Los Mercados de Valores en Espa\u00f1a, Editorial Dykinson,\r\nMadrid.\r\nGUITIAN, M y VARELA, F. (2000): Sistemas Financieros ante la globalizaci\u00f3n. Editorial\r\nPir\u00e1mide, Madrid.\r\nMARTIN MARIN, J.L. y TELLEZ VALLE, C. (2014): Finanzas Internacionales, 2\u00aa Edici\u00f3n.\r\nEditorial Thomson. Madrid\r\nMARTINEZ ESTEVEZ, A. (2000): Mercados financieros internacionales. Biblioteca Civitas. Econom\u00eda y Empresa. Madrid.\r\nMATEOS APARICIO, P Y AFI (2001): Finanzas Internacionales. Ediciones Acad\u00e9micas,\r\nMadrid.\r\nMISHKIN,F.S (2008): Moneda, banca y mercados financieros. 8\u00aa edici\u00f3n. Editorial Pearson Education. M\u00e9xico.\r\nPEDROSA, M. (2003): \u00abLos mercados financieros internacionales y su globalizaci\u00f3n\u00bb,\r\nEditorial AC, Madrid.\r\nREQUEIJO, J. (2006): Anatom\u00eda de las crisis financieras. McGraw Hill\r\nRODRIGUEZ ORTIZ, F. (2004): Europa: entre la integraci\u00f3n monetaria y la crisis econ\u00f3mica mundial. Edit. Catarata, Madrid.\r\nSIERRA FERN\u00c1NDEZ, M\u00aa.P.(2009): Instituciones e Intermediarios espa\u00f1oles en el marco de la Uni\u00f3n Econ\u00f3mica y Monetaria. Editorial Abecedario.\r\nTORRERO MA\u00d1AS, A (2006): Crisis financieras. Ense\u00f1anzas en cinco episodios. Marcial Pons. Argentina.\r\nTORRERO MA\u00d1AS, A. (2008): La Crisis financiera internacional y econ\u00f3mica espa\u00f1ola.\r\nEditorial Encuentro.\r\n\r\n<b>BIBLIOGRAF\u00cdA\u00a0COMPLEMENTARIA<\/b>\r\n\r\nALONSO, J.A (Dir) (2003): Lecciones sobre econom\u00eda mundial. Introducci\u00f3n al desarrollo y a las relaciones econ\u00f3micas internacionales. Civitas Ediciones, Madrid.\r\nBENGOCHEA, A. Y OTROS (2002): Econom\u00eda Internacional. Cuestiones y\r\nEjercicios resueltos. Prentice Hall. Madrid.\r\nBERGES, A\u037e ONTIVEROS, E y VALERO, F.J. (2011): \u201cLa internacionalizaci\u00f3n del sistema financiero espa\u00f1ol\u201d en Malo, J.L y Mart\u00edn Ace\u00f1a, P: \u201cUn siglo de historia del Sistema Financiero Espa\u00f1ol\u201d. Alianza Editorial, Madrid, Cap. 10, pp 375413.\r\nCALVO HORNERO, A. (coord) (2004): Econom\u00eda mundial y globalizaci\u00f3n.\r\nMinerva Ediciones. Madrid.\r\nGARCIA, C. (2005): Capital extranjero y pol\u00edtica econ\u00f3mica. Las crisis\r\nfinancieras del sudeste asi\u00e1tico. Editorial Fundamentos. Madrid.\r\nGUTIERREZ, E\u037e AYALA, I.H,\u037e ALBARRACIN, D. y MONTES, P (2012): \u00bfQu\u00e9\r\nhacemos para debatir si es posible seguir con la moneda \u00fanica o sino\r\nhay futuro para el euro?. Editorial Akal.\r\nMALO DE MOLINA, J.L. (2011): \u201cLa crisis y las insuficiencias de la\r\narquitectura institucional de la moneda \u00fanica\u201d en Informaci\u00f3n\r\nComercial Espa\u00f1ola, n\u00ba 863, p\u00e1g. 2134.\r\nONTIVEROS, E y BALI\u00d1A, S (2012): \u201cLa internacionalizaci\u00f3n de la\r\neconom\u00eda espa\u00f1ola\u201d. Fundaci\u00f3n CajaMar\r\nPALAZUELOS, E (1998): La globalizaci\u00f3n financiera: la\r\ninternacionalizaci\u00f3n del capital financiero a finales del siglo XX.\r\nEditorial S\u00edntesis. Madrid.","protected":false},"excerpt":{"rendered":"<p>BIBLIOGRAF\u00cdA RECOMENDADA ANALISTAS FINANCIEROS INTERNACIONALES (2012): Gu\u00eda del Sistema Financiero Espa\u00f1ol. Ediciones Empresa Global. Biblioteca de Econom\u00eda y Finanzas. 6\u00aa edici\u00f3n. DIEZ DE CASTRO, L y MEDRANO, M\u00aa,L. (2007): Mercados Financieros Internacionales. Servicio de Publicaciones de la Universidad Rey Juan Carlos, Madrid. GALLARDO OLMEDO, F. (2005): Crisis financieras y energ\u00e9ticas de \u00e1mbito internacional.Un an\u00e1lisis de [&hellip;]<\/p>\n","protected":false},"author":45,"featured_media":0,"parent":0,"menu_order":0,"comment_status":"closed","ping_status":"closed","template":"","meta":{"footnotes":""},"class_list":["post-8","page","type-page","status-publish","hentry"],"_links":{"self":[{"href":"https:\/\/ocw.unileon.es\/mercados-financieros-internacionales\/wp-json\/wp\/v2\/pages\/8","targetHints":{"allow":["GET"]}}],"collection":[{"href":"https:\/\/ocw.unileon.es\/mercados-financieros-internacionales\/wp-json\/wp\/v2\/pages"}],"about":[{"href":"https:\/\/ocw.unileon.es\/mercados-financieros-internacionales\/wp-json\/wp\/v2\/types\/page"}],"author":[{"embeddable":true,"href":"https:\/\/ocw.unileon.es\/mercados-financieros-internacionales\/wp-json\/wp\/v2\/users\/45"}],"replies":[{"embeddable":true,"href":"https:\/\/ocw.unileon.es\/mercados-financieros-internacionales\/wp-json\/wp\/v2\/comments?post=8"}],"version-history":[{"count":2,"href":"https:\/\/ocw.unileon.es\/mercados-financieros-internacionales\/wp-json\/wp\/v2\/pages\/8\/revisions"}],"predecessor-version":[{"id":34,"href":"https:\/\/ocw.unileon.es\/mercados-financieros-internacionales\/wp-json\/wp\/v2\/pages\/8\/revisions\/34"}],"wp:attachment":[{"href":"https:\/\/ocw.unileon.es\/mercados-financieros-internacionales\/wp-json\/wp\/v2\/media?parent=8"}],"curies":[{"name":"wp","href":"https:\/\/api.w.org\/{rel}","templated":true}]}}