{"id":6,"date":"2013-02-04T11:35:22","date_gmt":"2013-02-04T11:35:22","guid":{"rendered":"https:\/\/ocw.unileon.es\/asignatura\/?page_id=5"},"modified":"2016-06-08T08:29:33","modified_gmt":"2016-06-08T08:29:33","slug":"presentacion","status":"publish","type":"page","link":"https:\/\/ocw.unileon.es\/mercados-medios-e-instituciones-financieras\/","title":{"rendered":"Presentaci\u00f3n"},"content":{"rendered":"El estudio del Sistema Financiero Espa\u00f1ol permite al alumno acercarse a la realidad del mundo financiero, tratando de conocer los componentes principales que lo integran. Para ello, se observar\u00e1, en primer lugar, la naturaleza y composici\u00f3n del Sistema Financiero. Y posteriormente, se detallar\u00e1n sus componentes, describiendo y analizando la actuaci\u00f3n de los diversos intermediarios financieros, as\u00ed como la evoluci\u00f3n y caracterizaci\u00f3n de los mercados y productos financieros.","protected":false},"excerpt":{"rendered":"<p>El estudio del Sistema Financiero Espa\u00f1ol permite al alumno acercarse a la realidad del mundo financiero, tratando de conocer los componentes principales que lo integran. Para ello, se observar\u00e1, en primer lugar, la naturaleza y composici\u00f3n del Sistema Financiero. Y posteriormente, se detallar\u00e1n sus componentes, describiendo y analizando la actuaci\u00f3n de los diversos intermediarios financieros, [&hellip;]<\/p>\n","protected":false},"author":45,"featured_media":0,"parent":0,"menu_order":0,"comment_status":"closed","ping_status":"closed","template":"","meta":{"footnotes":""},"class_list":["post-6","page","type-page","status-publish","hentry"],"_links":{"self":[{"href":"https:\/\/ocw.unileon.es\/mercados-medios-e-instituciones-financieras\/wp-json\/wp\/v2\/pages\/6","targetHints":{"allow":["GET"]}}],"collection":[{"href":"https:\/\/ocw.unileon.es\/mercados-medios-e-instituciones-financieras\/wp-json\/wp\/v2\/pages"}],"about":[{"href":"https:\/\/ocw.unileon.es\/mercados-medios-e-instituciones-financieras\/wp-json\/wp\/v2\/types\/page"}],"author":[{"embeddable":true,"href":"https:\/\/ocw.unileon.es\/mercados-medios-e-instituciones-financieras\/wp-json\/wp\/v2\/users\/45"}],"replies":[{"embeddable":true,"href":"https:\/\/ocw.unileon.es\/mercados-medios-e-instituciones-financieras\/wp-json\/wp\/v2\/comments?post=6"}],"version-history":[{"count":2,"href":"https:\/\/ocw.unileon.es\/mercados-medios-e-instituciones-financieras\/wp-json\/wp\/v2\/pages\/6\/revisions"}],"predecessor-version":[{"id":32,"href":"https:\/\/ocw.unileon.es\/mercados-medios-e-instituciones-financieras\/wp-json\/wp\/v2\/pages\/6\/revisions\/32"}],"wp:attachment":[{"href":"https:\/\/ocw.unileon.es\/mercados-medios-e-instituciones-financieras\/wp-json\/wp\/v2\/media?parent=6"}],"curies":[{"name":"wp","href":"https:\/\/api.w.org\/{rel}","templated":true}]}}