{"id":10,"date":"2013-02-04T11:36:04","date_gmt":"2013-02-04T11:36:04","guid":{"rendered":"https:\/\/ocw.unileon.es\/asignatura\/?page_id=10"},"modified":"2014-04-01T21:25:49","modified_gmt":"2014-04-01T21:25:49","slug":"ejercicios-proyectos-y-casos","status":"publish","type":"page","link":"https:\/\/ocw.unileon.es\/organizacion-de-empresas-aeroespaciales\/ejercicios-proyectos-y-casos\/","title":{"rendered":"Ejercicios, proyectos y casos"},"content":{"rendered":"Tema 1:\r\n<h5><a href=\"https:\/\/ocw.unileon.es\/organizacion-de-empresas-aeroespaciales\/wp-content\/uploads\/sites\/16\/2013\/02\/Art\u00edculo-Ave-gana-en-viajeros-al-avi\u00f3n-Revista-mensual-de-transporte.El-Economista-2014-03-12-N\u00ba18.pdf\">Art\u00edculo-Ave gana en viajeros al avi\u00f3n-Revista mensual de transporte.El Economista [2014-03-12] N\u00ba18\r\n<\/a><a href=\"https:\/\/ocw.unileon.es\/organizacion-de-empresas-aeroespaciales\/wp-content\/uploads\/sites\/16\/2013\/02\/Art\u00edculo-Europa-veta-en-sus-cielos-297-aerolineas-Revista-mensual-de-transporte.El-Economista-2014-03-12-N\u00ba18.pdf\">Art\u00edculo-Europa veta en sus cielos 297 aerolineas-Revista mensual de transporte.El Economista [2014-03-12] N\u00ba18\r\n<\/a><a href=\"https:\/\/ocw.unileon.es\/organizacion-de-empresas-aeroespaciales\/wp-content\/uploads\/sites\/16\/2013\/02\/Art\u00edculo-Aviacion-minimo-historico-muertes-Revista-mensual-de-transporte-2014-02-12.pdf\">Art\u00edculo-Aviacion minimo historico muertes-Revista mensual de transporte [2014-02-12]<\/a><\/h5>\r\n<h5><span style=\"color: #000000; font-size: 1em; line-height: 1.5em;\">La expansi\u00f3n de las compa\u00f1\u00edas a\u00e9reas de bajo coste en Am\u00e9rica Latina:\r\n<\/span>http:\/\/www.wharton.universia.net\/index.cfm?fa=viewArticle&amp;id=2411&amp;language=spanish<\/h5>","protected":false},"excerpt":{"rendered":"<p>Tema 1: Art\u00edculo-Ave gana en viajeros al avi\u00f3n-Revista mensual de transporte.El Economista [2014-03-12] N\u00ba18 Art\u00edculo-Europa veta en sus cielos 297 aerolineas-Revista mensual de transporte.El Economista [2014-03-12] N\u00ba18 Art\u00edculo-Aviacion minimo historico muertes-Revista mensual de transporte [2014-02-12] La expansi\u00f3n de las compa\u00f1\u00edas a\u00e9reas de bajo coste en Am\u00e9rica Latina: http:\/\/www.wharton.universia.net\/index.cfm?fa=viewArticle&amp;id=2411&amp;language=spanish<\/p>\n","protected":false},"author":21,"featured_media":0,"parent":0,"menu_order":0,"comment_status":"closed","ping_status":"closed","template":"","meta":{"footnotes":""},"class_list":["post-10","page","type-page","status-publish","hentry"],"_links":{"self":[{"href":"https:\/\/ocw.unileon.es\/organizacion-de-empresas-aeroespaciales\/wp-json\/wp\/v2\/pages\/10","targetHints":{"allow":["GET"]}}],"collection":[{"href":"https:\/\/ocw.unileon.es\/organizacion-de-empresas-aeroespaciales\/wp-json\/wp\/v2\/pages"}],"about":[{"href":"https:\/\/ocw.unileon.es\/organizacion-de-empresas-aeroespaciales\/wp-json\/wp\/v2\/types\/page"}],"author":[{"embeddable":true,"href":"https:\/\/ocw.unileon.es\/organizacion-de-empresas-aeroespaciales\/wp-json\/wp\/v2\/users\/21"}],"replies":[{"embeddable":true,"href":"https:\/\/ocw.unileon.es\/organizacion-de-empresas-aeroespaciales\/wp-json\/wp\/v2\/comments?post=10"}],"version-history":[{"count":6,"href":"https:\/\/ocw.unileon.es\/organizacion-de-empresas-aeroespaciales\/wp-json\/wp\/v2\/pages\/10\/revisions"}],"predecessor-version":[{"id":101,"href":"https:\/\/ocw.unileon.es\/organizacion-de-empresas-aeroespaciales\/wp-json\/wp\/v2\/pages\/10\/revisions\/101"}],"wp:attachment":[{"href":"https:\/\/ocw.unileon.es\/organizacion-de-empresas-aeroespaciales\/wp-json\/wp\/v2\/media?parent=10"}],"curies":[{"name":"wp","href":"https:\/\/api.w.org\/{rel}","templated":true}]}}

Tema 1:
<h5><a href="https://ocw.unileon.es/organizacion-de-empresas-aeroespaciales/wp-content/uploads/sites/16/2013/02/Artículo-Ave-gana-en-viajeros-al-avión-Revista-mensual-de-transporte.El-Economista-2014-03-12-Nº18.pdf">Artículo-Ave gana en viajeros al avión-Revista mensual de transporte.El Economista [2014-03-12] Nº18
</a><a href="https://ocw.unileon.es/organizacion-de-empresas-aeroespaciales/wp-content/uploads/sites/16/2013/02/Artículo-Europa-veta-en-sus-cielos-297-aerolineas-Revista-mensual-de-transporte.El-Economista-2014-03-12-Nº18.pdf">Artículo-Europa veta en sus cielos 297 aerolineas-Revista mensual de transporte.El Economista [2014-03-12] Nº18
</a><a href="https://ocw.unileon.es/organizacion-de-empresas-aeroespaciales/wp-content/uploads/sites/16/2013/02/Artículo-Aviacion-minimo-historico-muertes-Revista-mensual-de-transporte-2014-02-12.pdf">Artículo-Aviacion minimo historico muertes-Revista mensual de transporte [2014-02-12]</a></h5>
<h5><span style="color: #000000; font-size: 1em; line-height: 1.5em;">La expansión de las compañías aéreas de bajo coste en América Latina:
</span>http://www.wharton.universia.net/index.cfm?fa=viewArticle&amp;id=2411&amp;language=spanish</h5>

<p>Tema 1: Artículo-Ave gana en viajeros al avión-Revista mensual de transporte.El Economista [2014-03-12] Nº18 Artículo-Europa veta en sus cielos 297 aerolineas-Revista mensual de transporte.El Economista [2014-03-12] Nº18 Artículo-Aviacion minimo historico muertes-Revista mensual de transporte [2014-02-12] La expansión de las compañías aéreas de bajo coste en América Latina: http://www.wharton.universia.net/index.cfm?fa=viewArticle&amp;id=2411&amp;language=spanish</p>
