{"id":5,"date":"2013-02-04T11:35:22","date_gmt":"2013-02-04T11:35:22","guid":{"rendered":"https:\/\/ocw.unileon.es\/asignatura\/?page_id=5"},"modified":"2014-02-20T11:12:06","modified_gmt":"2014-02-20T11:12:06","slug":"presentacion","status":"publish","type":"page","link":"https:\/\/ocw.unileon.es\/organizacion-de-fondos-archivisticos\/","title":{"rendered":"Presentaci\u00f3n"},"content":{"rendered":"<p style=\"text-align: justify;\">Con esta asignatura en abierto se pretende que todos aquellos interesados en seguirla\u00a0 entiendan los conceptos fundamentales de la gesti\u00f3n documental aplicados a los documentos producidos por las organizaciones.<\/p>\r\n<p style=\"text-align: justify;\">Es necesario partir del conocimiento de los conceptos fundamentales de la materia, para delimitar conceptualmente la disciplina. La archiv\u00edstica tiene dos objetos fundamentales en su campo: el archivo y el documento de archivo. Conocer la naturaleza del documento de archivo lleva\u00a0 a comprender los principios te\u00f3ricos y metodol\u00f3gicos para la reuni\u00f3n, organizaci\u00f3n, acceso al documento y difusi\u00f3n de la informaci\u00f3n en el contenida.<\/p>\r\nAprehender los procedimientos pr\u00e1cticos del ingreso de fondos en los archivos y conocer, al menos en una primera aproximaci\u00f3n,\u00a0 los aspectos legales y \u00e9ticos de su uso y tansferencia.","protected":false},"excerpt":{"rendered":"<p>Con esta asignatura en abierto se pretende que todos aquellos interesados en seguirla\u00a0 entiendan los conceptos fundamentales de la gesti\u00f3n documental aplicados a los documentos producidos por las organizaciones. Es necesario partir del conocimiento de los conceptos fundamentales de la materia, para delimitar conceptualmente la disciplina. La archiv\u00edstica tiene dos objetos fundamentales en su campo: [&hellip;]<\/p>\n","protected":false},"author":20,"featured_media":0,"parent":0,"menu_order":0,"comment_status":"closed","ping_status":"closed","template":"","meta":{"footnotes":""},"class_list":["post-5","page","type-page","status-publish","hentry"],"_links":{"self":[{"href":"https:\/\/ocw.unileon.es\/organizacion-de-fondos-archivisticos\/wp-json\/wp\/v2\/pages\/5","targetHints":{"allow":["GET"]}}],"collection":[{"href":"https:\/\/ocw.unileon.es\/organizacion-de-fondos-archivisticos\/wp-json\/wp\/v2\/pages"}],"about":[{"href":"https:\/\/ocw.unileon.es\/organizacion-de-fondos-archivisticos\/wp-json\/wp\/v2\/types\/page"}],"author":[{"embeddable":true,"href":"https:\/\/ocw.unileon.es\/organizacion-de-fondos-archivisticos\/wp-json\/wp\/v2\/users\/20"}],"replies":[{"embeddable":true,"href":"https:\/\/ocw.unileon.es\/organizacion-de-fondos-archivisticos\/wp-json\/wp\/v2\/comments?post=5"}],"version-history":[{"count":1,"href":"https:\/\/ocw.unileon.es\/organizacion-de-fondos-archivisticos\/wp-json\/wp\/v2\/pages\/5\/revisions"}],"predecessor-version":[{"id":48,"href":"https:\/\/ocw.unileon.es\/organizacion-de-fondos-archivisticos\/wp-json\/wp\/v2\/pages\/5\/revisions\/48"}],"wp:attachment":[{"href":"https:\/\/ocw.unileon.es\/organizacion-de-fondos-archivisticos\/wp-json\/wp\/v2\/media?parent=5"}],"curies":[{"name":"wp","href":"https:\/\/api.w.org\/{rel}","templated":true}]}}