{"id":8,"date":"2013-02-04T11:35:36","date_gmt":"2013-02-04T11:35:36","guid":{"rendered":"https:\/\/ocw.unileon.es\/asignatura\/?page_id=8"},"modified":"2013-03-19T08:39:45","modified_gmt":"2013-03-19T08:39:45","slug":"bibliografia","status":"publish","type":"page","link":"https:\/\/ocw.unileon.es\/organizacion-de-fondos-archivisticos\/bibliografia\/","title":{"rendered":"Bibliograf\u00eda"},"content":{"rendered":"<strong><span style=\"color: #5a51ae;\">Bibliograf\u00eda b\u00e1sica<\/span><\/strong>\r\n\r\n&#8211; Cruz Mundet, J. R. <em>Gesti\u00f3n de documentos y administraci\u00f3n de archivos<\/em>. Madrid: Alianza, 2012.\r\n\r\n&#8211;\u00a0 Nu\u00f1ez Fernandez, E. <em>Organizaci\u00f3n y gesti\u00f3n de archivos<\/em>. Gij\u00f3n: Trea, 1999.\r\n\r\n&#8211;\u00a0 Hern\u00e1ndez Olivera L.; Moro Cabero, M. <em>Procedimientos de Valoraci\u00f3n Documental<\/em> . Salamanca: Acal Ediciones, 2002.\r\n<p style=\"text-align: justify;\">&#8211; Mart\u00edn-Pozuelo M\u00aa P.. <em>La construcci\u00f3n te\u00f3rica en Archiv\u00edstica. el principio de procedencia<\/em>.\u00a0 Madrid: BOE y Universidad Carlos III de Madrid, 1996<\/p>\r\n-Rodr\u00edguez L\u00f3pez, Mar\u00eda del Carmen \u00abLa delimitaci\u00f3n de la archiv\u00edstica como ciencia\u00bb. En I<em> Congreso Universitario de Ciencias de la Documentaci\u00f3n. Teor\u00eda, historia y metodolog\u00eda de la Documentaci\u00f3n en Espa\u00f1a (1975-2000). Cuadernos de documentaci\u00f3n multimedia<\/em>. [CD-ROM]. Madrid: Universidad Complutense, 2000. P. 379-388.\r\n\r\n-Rodr\u00edguez L\u00f3pez, Mar\u00eda del Carmen. \u00abEl ingreso de fondos documentales en los archivos espa\u00f1oles\u00bb. En MOR\u00c1N SU\u00c1REZ, M. A.; RODR\u00cdGUEZ L\u00d3PEZ, M. C.<em> La documentaci\u00f3n para la investigaci\u00f3n: Volumen homenaje a Jos\u00e9 Antonio Mart\u00edn Fuertes<\/em>. Le\u00f3n: universidad, 2002. Vol. II, p. 501-516.\r\n\r\n<strong><span style=\"color: #5a51ae;\">Enlaces<\/span><\/strong>\r\n\r\n<img decoding=\"async\" alt=\"\" src=\"https:\/\/guiadocente.unileon.es\/docencia\/guia_docent\/images\/square.gif\" \/> Consejo Internacional de Archivos. http:\/\/www.ica.org\r\n<img decoding=\"async\" alt=\"\" src=\"https:\/\/guiadocente.unileon.es\/docencia\/guia_docent\/images\/square.gif\" \/> Guidelines on best practices for using electronic information. DLM-FORUM Electronic Records. http:\/\/www.mcu.es\/archivos\/CE\/RecProf\/NormasDocume\r\n<img decoding=\"async\" alt=\"\" src=\"https:\/\/guiadocente.unileon.es\/docencia\/guia_docent\/images\/square.gif\" \/> Portal de archivos de Castilla y Le\u00f3n. http:\/\/www.archivoscastillayleon.jcyl.es\r\n<img decoding=\"async\" alt=\"\" src=\"https:\/\/guiadocente.unileon.es\/docencia\/guia_docent\/images\/square.gif\" \/> Portal de archivos espa\u00f1oles. http:\/\/pares.mcu.es","protected":false},"excerpt":{"rendered":"<p>Bibliograf\u00eda b\u00e1sica &#8211; Cruz Mundet, J. R. Gesti\u00f3n de documentos y administraci\u00f3n de archivos. Madrid: Alianza, 2012. &#8211;\u00a0 Nu\u00f1ez Fernandez, E. Organizaci\u00f3n y gesti\u00f3n de archivos. Gij\u00f3n: Trea, 1999. &#8211;\u00a0 Hern\u00e1ndez Olivera L.; Moro Cabero, M. Procedimientos de Valoraci\u00f3n Documental . Salamanca: Acal Ediciones, 2002. &#8211; Mart\u00edn-Pozuelo M\u00aa P.. La construcci\u00f3n te\u00f3rica en Archiv\u00edstica. el [&hellip;]<\/p>\n","protected":false},"author":20,"featured_media":0,"parent":0,"menu_order":0,"comment_status":"closed","ping_status":"closed","template":"","meta":{"footnotes":""},"class_list":["post-8","page","type-page","status-publish","hentry"],"_links":{"self":[{"href":"https:\/\/ocw.unileon.es\/organizacion-de-fondos-archivisticos\/wp-json\/wp\/v2\/pages\/8","targetHints":{"allow":["GET"]}}],"collection":[{"href":"https:\/\/ocw.unileon.es\/organizacion-de-fondos-archivisticos\/wp-json\/wp\/v2\/pages"}],"about":[{"href":"https:\/\/ocw.unileon.es\/organizacion-de-fondos-archivisticos\/wp-json\/wp\/v2\/types\/page"}],"author":[{"embeddable":true,"href":"https:\/\/ocw.unileon.es\/organizacion-de-fondos-archivisticos\/wp-json\/wp\/v2\/users\/20"}],"replies":[{"embeddable":true,"href":"https:\/\/ocw.unileon.es\/organizacion-de-fondos-archivisticos\/wp-json\/wp\/v2\/comments?post=8"}],"version-history":[{"count":2,"href":"https:\/\/ocw.unileon.es\/organizacion-de-fondos-archivisticos\/wp-json\/wp\/v2\/pages\/8\/revisions"}],"predecessor-version":[{"id":27,"href":"https:\/\/ocw.unileon.es\/organizacion-de-fondos-archivisticos\/wp-json\/wp\/v2\/pages\/8\/revisions\/27"}],"wp:attachment":[{"href":"https:\/\/ocw.unileon.es\/organizacion-de-fondos-archivisticos\/wp-json\/wp\/v2\/media?parent=8"}],"curies":[{"name":"wp","href":"https:\/\/api.w.org\/{rel}","templated":true}]}}

Bibliografía

<strong><span style="color: #5a51ae;">Bibliografía básica</span></strong>

&#8211; Cruz Mundet, J. R. <em>Gestión de documentos y administración de archivos</em>. Madrid: Alianza, 2012.

&#8211;  Nuñez Fernandez, E. <em>Organización y gestión de archivos</em>. Gijón: Trea, 1999.

&#8211;  Hernández Olivera L.; Moro Cabero, M. <em>Procedimientos de Valoración Documental</em> . Salamanca: Acal Ediciones, 2002.
<p style="text-align: justify;">&#8211; Martín-Pozuelo Mª P.. <em>La construcción teórica en Archivística. el principio de procedencia</em>.  Madrid: BOE y Universidad Carlos III de Madrid, 1996</p>
-Rodríguez López, María del Carmen «La delimitación de la archivística como ciencia». En I<em> Congreso Universitario de Ciencias de la Documentación. Teoría, historia y metodología de la Documentación en España (1975-2000). Cuadernos de documentación multimedia</em>. [CD-ROM]. Madrid: Universidad Complutense, 2000. P. 379-388.

-Rodríguez López, María del Carmen. «El ingreso de fondos documentales en los archivos españoles». En MORÁN SUÁREZ, M. A.; RODRÍGUEZ LÓPEZ, M. C.<em> La documentación para la investigación: Volumen homenaje a José Antonio Martín Fuertes</em>. León: universidad, 2002. Vol. II, p. 501-516.

<strong><span style="color: #5a51ae;">Enlaces</span></strong>

<img decoding="async" alt="" src="https://guiadocente.unileon.es/docencia/guia_docent/images/square.gif" /> Consejo Internacional de Archivos. http://www.ica.org
<img decoding="async" alt="" src="https://guiadocente.unileon.es/docencia/guia_docent/images/square.gif" /> Guidelines on best practices for using electronic information. DLM-FORUM Electronic Records. http://www.mcu.es/archivos/CE/RecProf/NormasDocume
<img decoding="async" alt="" src="https://guiadocente.unileon.es/docencia/guia_docent/images/square.gif" /> Portal de archivos de Castilla y León. http://www.archivoscastillayleon.jcyl.es
<img decoding="async" alt="" src="https://guiadocente.unileon.es/docencia/guia_docent/images/square.gif" /> Portal de archivos españoles. http://pares.mcu.es

<p>Bibliografía básica &#8211; Cruz Mundet, J. R. Gestión de documentos y administración de archivos. Madrid: Alianza, 2012. &#8211;  Nuñez Fernandez, E. Organización y gestión de archivos. Gijón: Trea, 1999. &#8211;  Hernández Olivera L.; Moro Cabero, M. Procedimientos de Valoración Documental . Salamanca: Acal Ediciones, 2002. &#8211; Martín-Pozuelo Mª P.. La construcción teórica en Archivística. el [&hellip;]</p>
