{"id":7,"date":"2013-02-04T11:35:29","date_gmt":"2013-02-04T11:35:29","guid":{"rendered":"https:\/\/ocw.unileon.es\/asignatura\/?page_id=7"},"modified":"2013-03-26T08:24:43","modified_gmt":"2013-03-26T08:24:43","slug":"programa","status":"publish","type":"page","link":"https:\/\/ocw.unileon.es\/patologia-medica-y-de-la-nutricion-ii\/programa\/","title":{"rendered":"Programa"},"content":{"rendered":"<strong>Enfermedades m\u00e9dicas del aparato respiratorio<\/strong>\r\n<ul>\r\n\t<li>Afecciones de las fosas nasales, los senos paranasales y las bolsas guturales.<\/li>\r\n\t<li>Afecciones de la laringe.<\/li>\r\n\t<li>Afecciones de la tr\u00e1quea y los bronquios.<\/li>\r\n\t<li>Trastornos inflamatorios de los pulmones.<\/li>\r\n\t<li>Trastornos circulatorios de los pulmones.<\/li>\r\n\t<li>Otros trastornos de los pulmones.<\/li>\r\n\t<li>Trastornos de la pleura y el mediastino.<\/li>\r\n<\/ul>\r\n<strong>Enfermedades m\u00e9dicas de la sangre<\/strong>\r\n<ul>\r\n\t<li>Anemias hemorr\u00e1gicas y hemol\u00edticas.<\/li>\r\n\t<li>Anemias apl\u00e1sicas y otros trastornos eritrocitarios.<\/li>\r\n\t<li>Trastornos leucocitarios.<\/li>\r\n\t<li>Trastornos de la hemostasia y la coagulaci\u00f3n.<\/li>\r\n\t<li>Lupus eritematoso sist\u00e9mico.<\/li>\r\n<\/ul>\r\n<strong>Enfermedades m\u00e9dicas del aparato urinario<\/strong>\r\n<ul>\r\n\t<li>Estudio cl\u00ednico de la insuficiencia renal aguda.<\/li>\r\n\t<li>Estudio cl\u00ednico de la insuficiencia renal cr\u00f3nica.<\/li>\r\n\t<li>Estudio cl\u00ednico de los trastornos glomerulares.<\/li>\r\n\t<li>Infecci\u00f3n del tracto urinario.<\/li>\r\n\t<li>Urolitiasis.<\/li>\r\n\t<li>Enfermedad felina del tracto urinario posterior.<\/li>\r\n\t<li>Repercusiones org\u00e1nicas de la enfermedad renal.<\/li>\r\n<\/ul>\r\n<strong>Enfermedades m\u00e9dicas del sistema endocrino y del aparato genital y mama<\/strong>\r\n<ul>\r\n\t<li>Afecciones hipot\u00e1lamo-hipofisarias.<\/li>\r\n\t<li>Afecciones de las adrenales.<\/li>\r\n\t<li>Afecciones de la tiroides.<\/li>\r\n\t<li>Afecciones de las paratiroides.<\/li>\r\n\t<li>Afecciones del p\u00e1ncreas endocrino.<\/li>\r\n\t<li>Enfermedades m\u00e9dicas del aparato genital de las hembras.<\/li>\r\n\t<li>Enfermedades m\u00e9dicas del aparato genital de los machos.<\/li>\r\n\t<li>Enfermedades de la gl\u00e1ndula mamaria susceptibles de tratamiento m\u00e9dico.<\/li>\r\n<\/ul>\r\n<strong>Enfermedades m\u00e9dicas del sistema nervioso, enfermedades del comportamiento susceptibles de tratamiento m\u00e9dico y enfermedades m\u00e9dicas del aparato locomotor<\/strong>\r\n<ul>\r\n\t<li>Convulsiones.<\/li>\r\n\t<li>Enfermedades del cerebro.<\/li>\r\n\t<li>Ataxia.<\/li>\r\n\t<li>Mielopat\u00edas.<\/li>\r\n\t<li>Enfermedades del sistema nervioso perif\u00e9rico y de la placa neuromuscular.<\/li>\r\n\t<li>Enfermedades del comportamiento susceptibles de tratamiento m\u00e9dico.<\/li>\r\n\t<li>Afecciones m\u00e9dicas de los huesos.<\/li>\r\n\t<li>Alteraciones metab\u00f3licas de los huesos.<\/li>\r\n\t<li>Afecciones m\u00e9dicas de los m\u00fasculos.<\/li>\r\n\t<li>Afecciones de las articulaciones y el pie.<\/li>\r\n<\/ul>\r\n<strong>Patolog\u00eda de la nutrici\u00f3n<\/strong>\r\n<ul>\r\n\t<li>Hipocalcemia.<\/li>\r\n\t<li>Hipomagnesemia.<\/li>\r\n\t<li>Hemoglobinuria puerperal.<\/li>\r\n\t<li>Cetosis bovina.<\/li>\r\n\t<li>Gestosis ovina.<\/li>\r\n\t<li>Hipoglucemia.<\/li>\r\n\t<li>Obesidad.<\/li>\r\n\t<li>Gota.<\/li>\r\n\t<li>Hiper e hipovitaminosis y carencias de los oligoelementos.<\/li>\r\n<\/ul>","protected":false},"excerpt":{"rendered":"<p>Enfermedades m\u00e9dicas del aparato respiratorio Afecciones de las fosas nasales, los senos paranasales y las bolsas guturales. Afecciones de la laringe. Afecciones de la tr\u00e1quea y los bronquios. Trastornos inflamatorios de los pulmones. Trastornos circulatorios de los pulmones. Otros trastornos de los pulmones. Trastornos de la pleura y el mediastino. Enfermedades m\u00e9dicas de la sangre [&hellip;]<\/p>\n","protected":false},"author":7,"featured_media":0,"parent":0,"menu_order":0,"comment_status":"closed","ping_status":"closed","template":"","meta":{"footnotes":""},"class_list":["post-7","page","type-page","status-publish","hentry"],"_links":{"self":[{"href":"https:\/\/ocw.unileon.es\/patologia-medica-y-de-la-nutricion-ii\/wp-json\/wp\/v2\/pages\/7","targetHints":{"allow":["GET"]}}],"collection":[{"href":"https:\/\/ocw.unileon.es\/patologia-medica-y-de-la-nutricion-ii\/wp-json\/wp\/v2\/pages"}],"about":[{"href":"https:\/\/ocw.unileon.es\/patologia-medica-y-de-la-nutricion-ii\/wp-json\/wp\/v2\/types\/page"}],"author":[{"embeddable":true,"href":"https:\/\/ocw.unileon.es\/patologia-medica-y-de-la-nutricion-ii\/wp-json\/wp\/v2\/users\/7"}],"replies":[{"embeddable":true,"href":"https:\/\/ocw.unileon.es\/patologia-medica-y-de-la-nutricion-ii\/wp-json\/wp\/v2\/comments?post=7"}],"version-history":[{"count":3,"href":"https:\/\/ocw.unileon.es\/patologia-medica-y-de-la-nutricion-ii\/wp-json\/wp\/v2\/pages\/7\/revisions"}],"predecessor-version":[{"id":26,"href":"https:\/\/ocw.unileon.es\/patologia-medica-y-de-la-nutricion-ii\/wp-json\/wp\/v2\/pages\/7\/revisions\/26"}],"wp:attachment":[{"href":"https:\/\/ocw.unileon.es\/patologia-medica-y-de-la-nutricion-ii\/wp-json\/wp\/v2\/media?parent=7"}],"curies":[{"name":"wp","href":"https:\/\/api.w.org\/{rel}","templated":true}]}}