{"id":8,"date":"2013-02-04T11:35:36","date_gmt":"2013-02-04T11:35:36","guid":{"rendered":"https:\/\/ocw.unileon.es\/asignatura\/?page_id=8"},"modified":"2014-02-12T11:20:22","modified_gmt":"2014-02-12T11:20:22","slug":"bibliografia","status":"publish","type":"page","link":"https:\/\/ocw.unileon.es\/teoria-de-la-inversion-financiera\/bibliografia\/","title":{"rendered":"Bibliograf\u00eda"},"content":{"rendered":"<span style=\"text-decoration: underline;\"><strong>BIBLIOGRAF\u00cdA B\u00c1SICA<\/strong><\/span>\r\n<ul>\r\n\t<li>Bodie, Kane, Marcus (2004): Principios de Inversiones, McGraw-Hill, Madrid<\/li>\r\n\t<li>Bodie, Kane, Marcus (2011): Investments and Portfolio Management: Global Edition,\u00a0McGraw-Hill, New York<\/li>\r\n<\/ul>\r\n<span style=\"text-decoration: underline;\"><strong>BIBLIOGRAF\u00cdA COMPLEMENTARIA<\/strong><\/span>\r\n<ul>\r\n\t<li>FERN\u00c1NDEZ, P. (1999): Valoraci\u00f3n de Empresas, Gesti\u00f3n 2000, Barcelona.<\/li>\r\n\t<li>LAMOTHE, P. (1999): Gesti\u00f3n de carteras de acciones internacionales, Pir\u00e1mide, Madrid.<\/li>\r\n\t<li>MAR\u00cdN, J. M. y RUBIO, G. (2001): Econom\u00eda Financiera, Antoni Bosch, Barcelona.<\/li>\r\n\t<li>MART\u00cdNEZ &#8211; ABASCAL, E. (1994): Futuros y Opciones en la Gesti\u00f3n de Carteras, McGraw &#8211; Hill, Madrid.<\/li>\r\n\t<li>MART\u00cdNEZ &#8211; ABASCAL, E. (1999): Invertir en Bolsa, McGraw &#8211; Hill, Madrid.<\/li>\r\n\t<li>PINDADO, J. (Coord.) (2012): Finanzas Empresariales, Thomson-Paraninfo, Madrid.<\/li>\r\n\t<li>REUTERS (2001): Curso sobre Derivados, Gesti\u00f3n 2000, Barcelona.<\/li>\r\n\t<li>REUTERS (2002): Curso sobre Mercados de Renta Fija, Gesti\u00f3n 2000, Barcelona.<\/li>\r\n<\/ul>","protected":false},"excerpt":{"rendered":"<p>BIBLIOGRAF\u00cdA B\u00c1SICA Bodie, Kane, Marcus (2004): Principios de Inversiones, McGraw-Hill, Madrid Bodie, Kane, Marcus (2011): Investments and Portfolio Management: Global Edition,\u00a0McGraw-Hill, New York BIBLIOGRAF\u00cdA COMPLEMENTARIA FERN\u00c1NDEZ, P. (1999): Valoraci\u00f3n de Empresas, Gesti\u00f3n 2000, Barcelona. LAMOTHE, P. (1999): Gesti\u00f3n de carteras de acciones internacionales, Pir\u00e1mide, Madrid. MAR\u00cdN, J. M. y RUBIO, G. (2001): Econom\u00eda Financiera, Antoni [&hellip;]<\/p>\n","protected":false},"author":39,"featured_media":0,"parent":0,"menu_order":0,"comment_status":"closed","ping_status":"closed","template":"","meta":{"footnotes":""},"class_list":["post-8","page","type-page","status-publish","hentry"],"_links":{"self":[{"href":"https:\/\/ocw.unileon.es\/teoria-de-la-inversion-financiera\/wp-json\/wp\/v2\/pages\/8","targetHints":{"allow":["GET"]}}],"collection":[{"href":"https:\/\/ocw.unileon.es\/teoria-de-la-inversion-financiera\/wp-json\/wp\/v2\/pages"}],"about":[{"href":"https:\/\/ocw.unileon.es\/teoria-de-la-inversion-financiera\/wp-json\/wp\/v2\/types\/page"}],"author":[{"embeddable":true,"href":"https:\/\/ocw.unileon.es\/teoria-de-la-inversion-financiera\/wp-json\/wp\/v2\/users\/39"}],"replies":[{"embeddable":true,"href":"https:\/\/ocw.unileon.es\/teoria-de-la-inversion-financiera\/wp-json\/wp\/v2\/comments?post=8"}],"version-history":[{"count":2,"href":"https:\/\/ocw.unileon.es\/teoria-de-la-inversion-financiera\/wp-json\/wp\/v2\/pages\/8\/revisions"}],"predecessor-version":[{"id":29,"href":"https:\/\/ocw.unileon.es\/teoria-de-la-inversion-financiera\/wp-json\/wp\/v2\/pages\/8\/revisions\/29"}],"wp:attachment":[{"href":"https:\/\/ocw.unileon.es\/teoria-de-la-inversion-financiera\/wp-json\/wp\/v2\/media?parent=8"}],"curies":[{"name":"wp","href":"https:\/\/api.w.org\/{rel}","templated":true}]}}